{"id":34798,"date":"2025-10-24T10:37:25","date_gmt":"2025-10-24T08:37:25","guid":{"rendered":"https:\/\/entetedemo02.fr\/mobabois\/?page_id=34798"},"modified":"2025-12-17T08:44:10","modified_gmt":"2025-12-17T07:44:10","slug":"lentreprise","status":"publish","type":"page","link":"https:\/\/entetedemo02.fr\/mobabois\/lentreprise\/","title":{"rendered":"L&rsquo;entreprise"},"content":{"rendered":"\t\t<div data-elementor-type=\"wp-page\" data-elementor-id=\"34798\" class=\"elementor elementor-34798\">\n\t\t\t\t<div class=\"elementor-element elementor-element-a1fa3de e-flex e-con-boxed sc_layouts_column_icons_position_left e-con e-parent\" data-id=\"a1fa3de\" data-element_type=\"container\" data-settings=\"{&quot;background_background&quot;:&quot;classic&quot;}\">\n\t\t\t\t\t<div class=\"e-con-inner\">\n\t\t\t\t<div class=\"elementor-element elementor-element-ca76752 sc_fly_static elementor-widget elementor-widget-slider_revolution\" data-id=\"ca76752\" data-element_type=\"widget\" data-widget_type=\"slider_revolution.default\">\n\t\t\t\t<div class=\"elementor-widget-container\">\n\t\t\t\t\t\n\t\t<div class=\"wp-block-themepunch-revslider\">\n\t\t\t<!-- START Histoire REVOLUTION SLIDER 6.7.36 --><p class=\"rs-p-wp-fix\"><\/p>\n\t\t\t<rs-module-wrap id=\"rev_slider_9_1_wrapper\" data-source=\"gallery\" style=\"visibility:hidden;background:transparent;padding:0;margin:0px auto;margin-top:0;margin-bottom:0;\">\n\t\t\t\t<rs-module id=\"rev_slider_9_1\" style=\"\" data-version=\"6.7.36\">\n\t\t\t\t\t<rs-slides style=\"overflow: hidden; position: absolute;\">\n\t\t\t\t\t\t<rs-slide style=\"position: absolute;\" data-key=\"rs-20\" data-title=\"Slide\" data-anim=\"ms:1000ms;\" data-in=\"o:0;\" data-out=\"a:false;\">\n\t\t\t\t\t\t\t<img fetchpriority=\"high\" decoding=\"async\" src=\"\/\/entetedemo02.fr\/mobabois\/wp-content\/plugins\/revslider\/sr6\/assets\/assets\/dummy.png\" alt=\"\" title=\"montage_entrprise (1)\" width=\"2560\" height=\"912\" class=\"rev-slidebg tp-rs-img rs-lazyload\" data-lazyload=\"\/\/entetedemo02.fr\/mobabois\/wp-content\/uploads\/2025\/12\/montage_entrprise-1-scaled.webp\" data-parallax=\"off\" data-panzoom=\"d:10000;ss:100;se:110%;\" data-no-retina>\n<!---->\t\t\t\t\t<\/rs-slide>\n\t\t\t\t\t<\/rs-slides>\n\t\t\t\t\t<rs-static-layers><!--\n\t\t\t\t\t--><\/rs-static-layers>\n\t\t\t\t<\/rs-module>\n\t\t\t\t<script>\n\t\t\t\t\tsetREVStartSize({c: 'rev_slider_9_1',rl:[1240,1460,785,500],el:[700,660,680,580],gw:[1920,1440,778,480],gh:[700,660,680,580],type:'standard',justify:'',layout:'fullwidth',mh:\"0\"});if (window.RS_MODULES!==undefined && window.RS_MODULES.modules!==undefined && window.RS_MODULES.modules[\"revslider91\"]!==undefined) {window.RS_MODULES.modules[\"revslider91\"].once = false;window.revapi9 = undefined;if (window.RS_MODULES.checkMinimal!==undefined) window.RS_MODULES.checkMinimal()}\n\t\t\t\t<\/script>\n\t\t\t<\/rs-module-wrap>\n\t\t\t<!-- END REVOLUTION SLIDER -->\n<\/div>\n\n\t\t\t\t\t\t<\/div>\n\t\t\t\t<\/div>\n\t\t\t\t\t<\/div>\n\t\t\t\t<\/div>\n\t\t<div class=\"elementor-element elementor-element-b62f017 e-flex e-con-boxed sc_layouts_column_icons_position_left e-con e-parent\" data-id=\"b62f017\" data-element_type=\"container\" data-settings=\"{&quot;background_background&quot;:&quot;classic&quot;}\">\n\t\t\t\t\t<div class=\"e-con-inner\">\n\t\t\t\t<div data-animation-type=\"char\" data-animation-stagger=\"\" class=\"elementor-element elementor-element-618c8bb animated-fast sc_fly_static elementor-widget elementor-widget-heading\" data-id=\"618c8bb\" data-element_type=\"widget\" data-settings=\"{&quot;_animation&quot;:&quot;none&quot;,&quot;_animation_delay&quot;:50}\" data-widget_type=\"heading.default\">\n\t\t\t\t<div class=\"elementor-widget-container\">\n\t\t\t\t\t<h1 class=\"elementor-heading-title elementor-size-default\">Notre histoire<\/h1>\t\t\t\t<\/div>\n\t\t\t\t<\/div>\n\t\t\t\t<div class=\"elementor-element elementor-element-419b1f1 sc_fly_static elementor-widget elementor-widget-text-editor\" data-id=\"419b1f1\" data-element_type=\"widget\" data-widget_type=\"text-editor.default\">\n\t\t\t\t<div class=\"elementor-widget-container\">\n\t\t\t\t\t\t\t\t\tImplant\u00e9e en Savoie, depuis plus de 40 ans, Mobabois perp\u00e9tue l\u2019art du tournage sur bois.<br> H\u00e9ritiers d\u2019un savoir-faire artisanal unique, nous associons tradition et innovation pour proposer des cr\u00e9ations \u00e0 la fois fonctionnelles, esth\u00e9tiques et durables.\t\t\t\t\t\t\t\t<\/div>\n\t\t\t\t<\/div>\n\t\t\t\t<div data-animation-type=\"char\" data-animation-stagger=\"\" class=\"elementor-element elementor-element-7cc93a6 animated-fast sc_fly_static elementor-widget elementor-widget-heading\" data-id=\"7cc93a6\" data-element_type=\"widget\" data-settings=\"{&quot;_animation&quot;:&quot;none&quot;,&quot;_animation_delay&quot;:50}\" data-widget_type=\"heading.default\">\n\t\t\t\t<div class=\"elementor-widget-container\">\n\t\t\t\t\t<h2 class=\"elementor-heading-title elementor-size-default\">Notre savoir-faire<\/h2>\t\t\t\t<\/div>\n\t\t\t\t<\/div>\n\t\t\t\t<div class=\"elementor-element elementor-element-7aaee42 sc_fly_static elementor-widget elementor-widget-text-editor\" data-id=\"7aaee42\" data-element_type=\"widget\" data-widget_type=\"text-editor.default\">\n\t\t\t\t<div class=\"elementor-widget-container\">\n\t\t\t\t\t\t\t\t\t<ul><li>Ma\u00eetrise industrielle des techniques de tournage et usinage du bois.<\/li><li>Polyvalence : usinage de t\u00eates bois pour bouchons, objets d\u2019art de la table et cr\u00e9ations sur mesure.<\/li><li>Personnalisation : gravure, marquage, \ufb01nitions.<\/li><li>Production fran\u00e7aise de petites \u00e0 grandes s\u00e9ries r\u00e9alis\u00e9es sous des d\u00e9lais ma\u00eetris\u00e9s.<\/li><li>Partenariat pour la sous-traitance de collage li\u00e8ge et de traitement de surface.<\/li><\/ul><p>Nos cr\u00e9ations s\u2019adressent aux maisons de spiritueux et de cosm\u00e9tique, mais aussi aux professionnels de la d\u00e9coration\/art de la table.<\/p>\t\t\t\t\t\t\t\t<\/div>\n\t\t\t\t<\/div>\n\t\t\t\t<div class=\"elementor-element elementor-element-dce74bc sc_fly_static elementor-widget elementor-widget-video\" data-id=\"dce74bc\" data-element_type=\"widget\" data-settings=\"{&quot;video_type&quot;:&quot;vimeo&quot;}\" data-widget_type=\"video.default\">\n\t\t\t\t<div class=\"elementor-widget-container\">\n\t\t\t\t\t\t\t<div class=\"elementor-wrapper elementor-open-inline\">\n\t\t\t<iframe class=\"elementor-video-iframe\" allowfullscreen allow=\"clipboard-write\" title=\"Lecteur vid\u00e9o vimeo\" src=\"https:\/\/player.vimeo.com\/video\/1143466238?color&amp;autopause=0&amp;loop=0&amp;muted=0&amp;title=1&amp;portrait=1&amp;byline=1#t=\"><\/iframe>\t\t<\/div>\n\t\t\t\t\t\t<\/div>\n\t\t\t\t<\/div>\n\t\t\t\t\t<\/div>\n\t\t\t\t<\/div>\n\t\t<div class=\"elementor-element elementor-element-dd07f87 e-flex e-con-boxed sc_layouts_column_icons_position_left e-con e-parent\" data-id=\"dd07f87\" data-element_type=\"container\" data-settings=\"{&quot;background_background&quot;:&quot;classic&quot;}\">\n\t\t\t\t\t<div class=\"e-con-inner\">\n\t\t\t\t<div data-animation-type=\"char\" data-animation-stagger=\"\" class=\"elementor-element elementor-element-b4fc4c7 animated-fast sc_fly_static elementor-widget elementor-widget-heading\" data-id=\"b4fc4c7\" data-element_type=\"widget\" data-settings=\"{&quot;_animation&quot;:&quot;none&quot;,&quot;_animation_delay&quot;:50}\" data-widget_type=\"heading.default\">\n\t\t\t\t<div class=\"elementor-widget-container\">\n\t\t\t\t\t<h2 class=\"elementor-heading-title elementor-size-default\">Les essences de bois<\/h2>\t\t\t\t<\/div>\n\t\t\t\t<\/div>\n\t\t\t\t<div class=\"elementor-element elementor-element-01dfd4d sc_fly_static elementor-widget elementor-widget-text-editor\" data-id=\"01dfd4d\" data-element_type=\"widget\" data-widget_type=\"text-editor.default\">\n\t\t\t\t<div class=\"elementor-widget-container\">\n\t\t\t\t\t\t\t\t\t<p>\u00ab\u00a0Nous s\u00e9lectionnons des bois locaux, issus de scieries fran\u00e7aises jurassiennes labellis\u00e9es PEFC, garantissant tra\u00e7abilit\u00e9 et respect de l\u2019environnement.\u00a0\u00bb<\/p>\t\t\t\t\t\t\t\t<\/div>\n\t\t\t\t<\/div>\n\t\t<div class=\"elementor-element elementor-element-c7ba4c5 e-con-full e-flex sc_layouts_column_icons_position_left e-con e-child\" data-id=\"c7ba4c5\" data-element_type=\"container\">\n\t\t\t\t<div class=\"elementor-element elementor-element-a0d743c elementor-widget__width-initial sc_fly_static elementor-widget elementor-widget-text-editor\" data-id=\"a0d743c\" data-element_type=\"widget\" data-widget_type=\"text-editor.default\">\n\t\t\t\t<div class=\"elementor-widget-container\">\n\t\t\t\t\t\t\t\t\t<ul><li><strong>H\u00caTRE<\/strong> : r\u00e9gulier, robuste et polyvalent.<\/li><li><strong>CH\u00caNE<\/strong> : noble, intemporel et haut de gamme.<\/li><li><strong>FR\u00caNE<\/strong> : \u00e9l\u00e9gant, avec un veinage ra\ufb03n\u00e9.<\/li><\/ul>\t\t\t\t\t\t\t\t<\/div>\n\t\t\t\t<\/div>\n\t\t<div class=\"elementor-element elementor-element-a98e8a3 e-con-full e-flex sc_layouts_column_icons_position_left e-con e-child\" data-id=\"a98e8a3\" data-element_type=\"container\">\n\t\t\t\t<div class=\"elementor-element elementor-element-0394326 sc_fly_static elementor-widget elementor-widget-image\" data-id=\"0394326\" data-element_type=\"widget\" data-widget_type=\"image.default\">\n\t\t\t\t<div class=\"elementor-widget-container\">\n\t\t\t\t\t\t\t\t\t\t\t\t\t\t\t<img decoding=\"async\" src=\"https:\/\/entetedemo02.fr\/mobabois\/wp-content\/uploads\/elementor\/thumbs\/hetre-rdo7qswz16rywvargswzbly037nh1xublqd0bn44ho.webp\" title=\"he\u0302tre\" alt=\"he\u0302tre\" loading=\"lazy\" \/>\t\t\t\t\t\t\t\t\t\t\t\t\t\t\t<\/div>\n\t\t\t\t<\/div>\n\t\t\t\t<div class=\"elementor-element elementor-element-d2b4caf sc_fly_static elementor-widget elementor-widget-image\" data-id=\"d2b4caf\" data-element_type=\"widget\" data-widget_type=\"image.default\">\n\t\t\t\t<div class=\"elementor-widget-container\">\n\t\t\t\t\t\t\t\t\t\t\t\t\t\t\t<img decoding=\"async\" src=\"https:\/\/entetedemo02.fr\/mobabois\/wp-content\/uploads\/elementor\/thumbs\/chene-rdo7qr1anipe9ndhrs3q6mf2wfwqmjmuxh21d36wu4.webp\" title=\"che\u0302ne\" alt=\"che\u0302ne\" loading=\"lazy\" \/>\t\t\t\t\t\t\t\t\t\t\t\t\t\t\t<\/div>\n\t\t\t\t<\/div>\n\t\t\t\t<div class=\"elementor-element elementor-element-b61c51f sc_fly_static elementor-widget elementor-widget-image\" data-id=\"b61c51f\" data-element_type=\"widget\" data-widget_type=\"image.default\">\n\t\t\t\t<div class=\"elementor-widget-container\">\n\t\t\t\t\t\t\t\t\t\t\t\t\t\t\t<img decoding=\"async\" width=\"150\" height=\"150\" src=\"https:\/\/entetedemo02.fr\/mobabois\/wp-content\/uploads\/2025\/10\/frene-150x150.webp\" class=\"attachment-thumbnail size-thumbnail wp-image-34831\" alt=\"\" srcset=\"https:\/\/entetedemo02.fr\/mobabois\/wp-content\/uploads\/2025\/10\/frene-150x150.webp 150w, https:\/\/entetedemo02.fr\/mobabois\/wp-content\/uploads\/2025\/10\/frene-300x300.webp 300w, https:\/\/entetedemo02.fr\/mobabois\/wp-content\/uploads\/2025\/10\/frene-370x370.webp 370w, https:\/\/entetedemo02.fr\/mobabois\/wp-content\/uploads\/2025\/10\/frene-120x120.webp 120w, https:\/\/entetedemo02.fr\/mobabois\/wp-content\/uploads\/2025\/10\/frene.webp 400w\" sizes=\"(max-width: 150px) 100vw, 150px\" \/>\t\t\t\t\t\t\t\t\t\t\t\t\t\t\t<\/div>\n\t\t\t\t<\/div>\n\t\t\t\t<\/div>\n\t\t\t\t<\/div>\n\t\t\t\t\t<\/div>\n\t\t\t\t<\/div>\n\t\t<div class=\"elementor-element elementor-element-3a98668 e-flex e-con-boxed sc_layouts_column_icons_position_left e-con e-parent\" data-id=\"3a98668\" data-element_type=\"container\" data-settings=\"{&quot;background_background&quot;:&quot;classic&quot;}\">\n\t\t\t\t\t<div class=\"e-con-inner\">\n\t\t<div class=\"elementor-element elementor-element-a75b66b e-con-full e-flex sc_layouts_column_icons_position_left e-con e-child\" data-id=\"a75b66b\" data-element_type=\"container\">\n\t\t\t\t<div data-animation-type=\"char\" data-animation-stagger=\"\" class=\"elementor-element elementor-element-5d957c7 animated-fast sc_fly_static elementor-widget elementor-widget-heading\" data-id=\"5d957c7\" data-element_type=\"widget\" data-settings=\"{&quot;_animation&quot;:&quot;none&quot;,&quot;_animation_delay&quot;:50}\" data-widget_type=\"heading.default\">\n\t\t\t\t<div class=\"elementor-widget-container\">\n\t\t\t\t\t<h2 class=\"elementor-heading-title elementor-size-default\">Notre d\u00e9marche responsable<\/h2>\t\t\t\t<\/div>\n\t\t\t\t<\/div>\n\t\t<div class=\"elementor-element elementor-element-2134924 e-con-full e-flex sc_layouts_column_icons_position_left e-con e-child\" data-id=\"2134924\" data-element_type=\"container\">\n\t\t\t\t<div class=\"elementor-element elementor-element-2bc5f3a sc_fly_static elementor-widget elementor-widget-text-editor\" data-id=\"2bc5f3a\" data-element_type=\"widget\" data-widget_type=\"text-editor.default\">\n\t\t\t\t<div class=\"elementor-widget-container\">\n\t\t\t\t\t\t\t\t\t<ul><li>Bois local et certi\ufb01\u00e9 PEFC : respect des for\u00eats jurassiennes.<\/li><li>Rien ne se perd : les sciures sont compact\u00e9es en briquettes de chauffage.<\/li><li>\u00a0Production raisonn\u00e9e : circuits courts, consommation ma\u00eetris\u00e9e, qualit\u00e9 durable.<\/li><\/ul>\t\t\t\t\t\t\t\t<\/div>\n\t\t\t\t<\/div>\n\t\t\t\t<div class=\"elementor-element elementor-element-1e99e60 sc_fly_static elementor-widget elementor-widget-image\" data-id=\"1e99e60\" data-element_type=\"widget\" data-widget_type=\"image.default\">\n\t\t\t\t<div class=\"elementor-widget-container\">\n\t\t\t\t\t\t\t\t\t\t\t\t\t\t\t<img decoding=\"async\" width=\"100\" height=\"115\" src=\"https:\/\/entetedemo02.fr\/mobabois\/wp-content\/uploads\/2025\/10\/pefc.webp\" class=\"attachment-large size-large wp-image-34837\" alt=\"\" \/>\t\t\t\t\t\t\t\t\t\t\t\t\t\t\t<\/div>\n\t\t\t\t<\/div>\n\t\t\t\t<\/div>\n\t\t\t\t<\/div>\n\t\t\t\t<div class=\"elementor-element elementor-element-c70392e elementor-widget__width-initial sc_fly_static elementor-widget elementor-widget-image\" data-id=\"c70392e\" data-element_type=\"widget\" data-widget_type=\"image.default\">\n\t\t\t\t<div class=\"elementor-widget-container\">\n\t\t\t\t\t\t\t\t\t\t\t\t\t\t\t<img loading=\"lazy\" decoding=\"async\" width=\"500\" height=\"362\" src=\"https:\/\/entetedemo02.fr\/mobabois\/wp-content\/uploads\/2025\/10\/tetesbois.webp\" class=\"attachment-full size-full wp-image-34838\" alt=\"\" srcset=\"https:\/\/entetedemo02.fr\/mobabois\/wp-content\/uploads\/2025\/10\/tetesbois.webp 500w, https:\/\/entetedemo02.fr\/mobabois\/wp-content\/uploads\/2025\/10\/tetesbois-300x217.webp 300w, https:\/\/entetedemo02.fr\/mobabois\/wp-content\/uploads\/2025\/10\/tetesbois-370x268.webp 370w, https:\/\/entetedemo02.fr\/mobabois\/wp-content\/uploads\/2025\/10\/tetesbois-410x297.webp 410w\" sizes=\"(max-width: 600px) 100vw, 500px\" \/>\t\t\t\t\t\t\t\t\t\t\t\t\t\t\t<\/div>\n\t\t\t\t<\/div>\n\t\t\t\t\t<\/div>\n\t\t\t\t<\/div>\n\t\t<div class=\"elementor-element elementor-element-abc3517 e-flex e-con-boxed sc_layouts_column_icons_position_left e-con e-parent\" data-id=\"abc3517\" data-element_type=\"container\" data-settings=\"{&quot;background_background&quot;:&quot;classic&quot;}\">\n\t\t\t\t\t<div class=\"e-con-inner\">\n\t\t\t\t<div class=\"elementor-element elementor-element-a70003d sc_fly_static elementor-widget elementor-widget-heading\" data-id=\"a70003d\" data-element_type=\"widget\" data-widget_type=\"heading.default\">\n\t\t\t\t<div class=\"elementor-widget-container\">\n\t\t\t\t\t<h2 class=\"elementor-heading-title elementor-size-default\">\"Notre vision : travailler le bois pour cr\u00e9er des pi\u00e8ces authentiques en accord avec les valeurs de durabilit\u00e9\"<\/h2>\t\t\t\t<\/div>\n\t\t\t\t<\/div>\n\t\t\t\t<div class=\"elementor-element elementor-element-85217c0 sc_fly_static elementor-widget elementor-widget-html\" data-id=\"85217c0\" data-element_type=\"widget\" data-widget_type=\"html.default\">\n\t\t\t\t<div class=\"elementor-widget-container\">\n\t\t\t\t\t<a href=\"https:\/\/entetedemo02.fr\/mobabois\/contact\/\" class=\"cta-engraved\"><span>Demandez un devis \/ Contact<\/span><\/a>\n\t\t\t\t<\/div>\n\t\t\t\t<\/div>\n\t\t\t\t\t<\/div>\n\t\t\t\t<\/div>\n\t\t\t\t<\/div>\n\t\t","protected":false},"excerpt":{"rendered":"<p>Notre histoire Implant\u00e9e en Savoie, depuis plus de 40 ans, Mobabois perp\u00e9tue l\u2019art du tournage sur bois. H\u00e9ritiers d\u2019un savoir-faire artisanal unique, nous associons tradition et innovation pour proposer des&hellip;<\/p>\n","protected":false},"author":1,"featured_media":0,"parent":0,"menu_order":0,"comment_status":"closed","ping_status":"closed","template":"","meta":{"_acf_changed":false,"footnotes":""},"class_list":["post-34798","page","type-page","status-publish","hentry"],"acf":[],"_links":{"self":[{"href":"https:\/\/entetedemo02.fr\/mobabois\/wp-json\/wp\/v2\/pages\/34798","targetHints":{"allow":["GET"]}}],"collection":[{"href":"https:\/\/entetedemo02.fr\/mobabois\/wp-json\/wp\/v2\/pages"}],"about":[{"href":"https:\/\/entetedemo02.fr\/mobabois\/wp-json\/wp\/v2\/types\/page"}],"author":[{"embeddable":true,"href":"https:\/\/entetedemo02.fr\/mobabois\/wp-json\/wp\/v2\/users\/1"}],"replies":[{"embeddable":true,"href":"https:\/\/entetedemo02.fr\/mobabois\/wp-json\/wp\/v2\/comments?post=34798"}],"version-history":[{"count":115,"href":"https:\/\/entetedemo02.fr\/mobabois\/wp-json\/wp\/v2\/pages\/34798\/revisions"}],"predecessor-version":[{"id":35233,"href":"https:\/\/entetedemo02.fr\/mobabois\/wp-json\/wp\/v2\/pages\/34798\/revisions\/35233"}],"wp:attachment":[{"href":"https:\/\/entetedemo02.fr\/mobabois\/wp-json\/wp\/v2\/media?parent=34798"}],"curies":[{"name":"wp","href":"https:\/\/api.w.org\/{rel}","templated":true}]}}