{"id":41276,"date":"2025-09-01T09:22:16","date_gmt":"2025-09-01T07:22:16","guid":{"rendered":"https:\/\/entetedemo02.fr\/godin\/?post_type=services&#038;p=41276"},"modified":"2025-09-01T09:30:05","modified_gmt":"2025-09-01T07:30:05","slug":"asphalte","status":"publish","type":"services","link":"https:\/\/entetedemo02.fr\/godin\/services\/asphalte\/","title":{"rendered":"ASPHALTE"},"content":{"rendered":"\t\t<div data-elementor-type=\"wp-post\" data-elementor-id=\"41276\" class=\"elementor elementor-41276\">\n\t\t\t\t<div class=\"elementor-element elementor-element-7f1cf535 e-flex e-con-boxed e-con e-parent\" data-id=\"7f1cf535\" data-element_type=\"container\">\n\t\t\t\t\t<div class=\"e-con-inner\">\n\t\t\t\t<div class=\"elementor-element elementor-element-021427d elementor-widget__width-initial lte-animation-speed-slow elementor-invisible elementor-widget elementor-widget-image\" data-id=\"021427d\" data-element_type=\"widget\" data-settings=\"{&quot;_animation&quot;:&quot;fadeInUp&quot;}\" data-widget_type=\"image.default\">\n\t\t\t\t<div class=\"elementor-widget-container\">\n\t\t\t\t\t\t\t\t\t\t\t\t\t\t\t<img fetchpriority=\"high\" decoding=\"async\" width=\"1937\" height=\"1344\" src=\"https:\/\/entetedemo02.fr\/godin\/wp-content\/uploads\/2025\/09\/asphalte.webp\" class=\"attachment-full size-full wp-image-41247\" alt=\"\" srcset=\"https:\/\/entetedemo02.fr\/godin\/wp-content\/uploads\/2025\/09\/asphalte.webp 1937w, https:\/\/entetedemo02.fr\/godin\/wp-content\/uploads\/2025\/09\/asphalte-300x208.webp 300w, https:\/\/entetedemo02.fr\/godin\/wp-content\/uploads\/2025\/09\/asphalte-1024x711.webp 1024w, https:\/\/entetedemo02.fr\/godin\/wp-content\/uploads\/2025\/09\/asphalte-768x533.webp 768w, https:\/\/entetedemo02.fr\/godin\/wp-content\/uploads\/2025\/09\/asphalte-1536x1066.webp 1536w, https:\/\/entetedemo02.fr\/godin\/wp-content\/uploads\/2025\/09\/asphalte-500x347.webp 500w, https:\/\/entetedemo02.fr\/godin\/wp-content\/uploads\/2025\/09\/asphalte-100x69.webp 100w, https:\/\/entetedemo02.fr\/godin\/wp-content\/uploads\/2025\/09\/asphalte-1250x867.webp 1250w\" sizes=\"(max-width: 1937px) 100vw, 1937px\" \/>\t\t\t\t\t\t\t\t\t\t\t\t\t\t\t<\/div>\n\t\t\t\t<\/div>\n\t\t\t\t\t<\/div>\n\t\t\t\t<\/div>\n\t\t<div class=\"elementor-element elementor-element-79e28ee e-flex e-con-boxed e-con e-parent\" data-id=\"79e28ee\" data-element_type=\"container\">\n\t\t\t\t\t<div class=\"e-con-inner\">\n\t\t<div class=\"elementor-element elementor-element-e319ee9 e-con-full e-flex e-con e-child\" data-id=\"e319ee9\" data-element_type=\"container\">\n\t\t\t\t<div class=\"elementor-element elementor-element-c794ef5 elementor-widget elementor-widget-text-editor\" data-id=\"c794ef5\" data-element_type=\"widget\" data-widget_type=\"text-editor.default\">\n\t\t\t\t<div class=\"elementor-widget-container\">\n\t\t\t\t\t\t\t\t\t<p><strong>Description :<\/strong><br \/>Chemin\u00e9e sur coffrage \u00e0 r\u00e9aliser \u00e0 la pose, en pierre marbri\u00e8re du Portugal avec une sole foy\u00e8re, un plateau et une assise en Neolith\u00ae coloris iron grey.<br \/>Elle peut \u00eatre r\u00e9alis\u00e9e \u00e9galement en pierre blanche de Provence.<\/p><p><strong>Dimensions :<\/strong><br \/>350 x 60 cm (avec banquette, photo pr\u00e9sent\u00e9e)<\/p><p><strong>Dimensions :<\/strong><br \/>220 x 60 cm (sans banquette)<\/p>\t\t\t\t\t\t\t\t<\/div>\n\t\t\t\t<\/div>\n\t\t\t\t<div class=\"elementor-element elementor-element-041eb82 elementor-widget elementor-widget-text-editor\" data-id=\"041eb82\" data-element_type=\"widget\" data-widget_type=\"text-editor.default\">\n\t\t\t\t<div class=\"elementor-widget-container\">\n\t\t\t\t\t\t\t\t\t<p><strong>Foyer pr\u00e9sent\u00e9 :<\/strong><br \/>&#8211; BURGOS GAZ\u00a0<\/p>\t\t\t\t\t\t\t\t<\/div>\n\t\t\t\t<\/div>\n\t\t\t\t<div class=\"elementor-element elementor-element-bb2e206 elementor-widget elementor-widget-text-editor\" data-id=\"bb2e206\" data-element_type=\"widget\" data-widget_type=\"text-editor.default\">\n\t\t\t\t<div class=\"elementor-widget-container\">\n\t\t\t\t\t\t\t\t\t<strong>Conseils d\u00e9co :<\/strong>\n\u00c0 gauche de la chemin\u00e9e, ce meuble t\u00e9l\u00e9 en m\u00e9lamin\u00e9 b\u00e9ton noir mat avec une tablette Neolith\u00ae est r\u00e9alisable sur mesure. Une niche r\u00e9alis\u00e9e lors de la pose et agr\u00e9ment\u00e9e d\u2019\u00e9tag\u00e8res en verre viendra apporter la derni\u00e8re touche d\u2019esth\u00e9tisme \u00e0 ce mod\u00e8le. Demandez conseil \u00e0 votre revendeur.\t\t\t\t\t\t\t\t<\/div>\n\t\t\t\t<\/div>\n\t\t\t\t<\/div>\n\t\t<div class=\"elementor-element elementor-element-ff95bba e-con-full e-flex e-con e-child\" data-id=\"ff95bba\" data-element_type=\"container\">\n\t\t\t\t<div class=\"elementor-element elementor-element-815978b elementor-widget elementor-widget-text-editor\" data-id=\"815978b\" data-element_type=\"widget\" data-widget_type=\"text-editor.default\">\n\t\t\t\t<div class=\"elementor-widget-container\">\n\t\t\t\t\t\t\t\t\t<p><strong>Mat\u00e9riaux et coloris :<\/strong><\/p><p><strong><img decoding=\"async\" class=\"alignnone wp-image-41176 size-full\" src=\"https:\/\/entetedemo02.fr\/godin\/wp-content\/uploads\/2025\/08\/marbriere.png\" alt=\"\" width=\"61\" height=\"64\" \/> <\/strong>Pierre marbri\u00e8re du Portugal<\/p><p><strong><img decoding=\"async\" class=\"alignnone wp-image-41087 size-full\" src=\"https:\/\/entetedemo02.fr\/godin\/wp-content\/uploads\/2025\/08\/coloris.png\" alt=\"\" width=\"65\" height=\"71\" \/> <\/strong>Neolith\u00ae iron grey<\/p><p><strong><img decoding=\"async\" class=\"alignnone wp-image-41087 size-full\" src=\"https:\/\/entetedemo02.fr\/godin\/wp-content\/uploads\/2025\/08\/coloris.png\" alt=\"\" width=\"65\" height=\"71\" \/> <\/strong>M\u00e9lamin\u00e9 b\u00e9ton noir mat<\/p><p><strong><img loading=\"lazy\" decoding=\"async\" class=\"alignnone wp-image-41177 size-full\" src=\"https:\/\/entetedemo02.fr\/godin\/wp-content\/uploads\/2025\/08\/provence.png\" alt=\"\" width=\"62\" height=\"64\" \/> <\/strong>Pierre blanche de la provence<\/p>\t\t\t\t\t\t\t\t<\/div>\n\t\t\t\t<\/div>\n\t\t\t\t<\/div>\n\t\t\t\t\t<\/div>\n\t\t\t\t<\/div>\n\t\t\t\t<\/div>\n\t\t","protected":false},"featured_media":41247,"template":"elementor_header_footer","class_list":["post-41276","services","type-services","status-publish","has-post-thumbnail","hentry","services-category-cheminees-inserts"],"_links":{"self":[{"href":"https:\/\/entetedemo02.fr\/godin\/wp-json\/wp\/v2\/services\/41276","targetHints":{"allow":["GET"]}}],"collection":[{"href":"https:\/\/entetedemo02.fr\/godin\/wp-json\/wp\/v2\/services"}],"about":[{"href":"https:\/\/entetedemo02.fr\/godin\/wp-json\/wp\/v2\/types\/services"}],"version-history":[{"count":7,"href":"https:\/\/entetedemo02.fr\/godin\/wp-json\/wp\/v2\/services\/41276\/revisions"}],"predecessor-version":[{"id":41284,"href":"https:\/\/entetedemo02.fr\/godin\/wp-json\/wp\/v2\/services\/41276\/revisions\/41284"}],"wp:featuredmedia":[{"embeddable":true,"href":"https:\/\/entetedemo02.fr\/godin\/wp-json\/wp\/v2\/media\/41247"}],"wp:attachment":[{"href":"https:\/\/entetedemo02.fr\/godin\/wp-json\/wp\/v2\/media?parent=41276"}],"curies":[{"name":"wp","href":"https:\/\/api.w.org\/{rel}","templated":true}]}}

<div data-elementor-type="wp-post" data-elementor-id="41276" class="elementor elementor-41276">
				<div class="elementor-element elementor-element-7f1cf535 e-flex e-con-boxed e-con e-parent" data-id="7f1cf535" data-element_type="container">
					<div class="e-con-inner">
				<div class="elementor-element elementor-element-021427d elementor-widget__width-initial lte-animation-speed-slow elementor-invisible elementor-widget elementor-widget-image" data-id="021427d" data-element_type="widget" data-settings="{&quot;_animation&quot;:&quot;fadeInUp&quot;}" data-widget_type="image.default">
				<div class="elementor-widget-container">
															<img fetchpriority="high" decoding="async" width="1937" height="1344" src="https://entetedemo02.fr/godin/wp-content/uploads/2025/09/asphalte.webp" class="attachment-full size-full wp-image-41247" alt="" srcset="https://entetedemo02.fr/godin/wp-content/uploads/2025/09/asphalte.webp 1937w, https://entetedemo02.fr/godin/wp-content/uploads/2025/09/asphalte-300x208.webp 300w, https://entetedemo02.fr/godin/wp-content/uploads/2025/09/asphalte-1024x711.webp 1024w, https://entetedemo02.fr/godin/wp-content/uploads/2025/09/asphalte-768x533.webp 768w, https://entetedemo02.fr/godin/wp-content/uploads/2025/09/asphalte-1536x1066.webp 1536w, https://entetedemo02.fr/godin/wp-content/uploads/2025/09/asphalte-500x347.webp 500w, https://entetedemo02.fr/godin/wp-content/uploads/2025/09/asphalte-100x69.webp 100w, https://entetedemo02.fr/godin/wp-content/uploads/2025/09/asphalte-1250x867.webp 1250w" sizes="(max-width: 1937px) 100vw, 1937px" />															</div>
				</div>
					</div>
				</div>
		<div class="elementor-element elementor-element-79e28ee e-flex e-con-boxed e-con e-parent" data-id="79e28ee" data-element_type="container">
					<div class="e-con-inner">
		<div class="elementor-element elementor-element-e319ee9 e-con-full e-flex e-con e-child" data-id="e319ee9" data-element_type="container">
				<div class="elementor-element elementor-element-c794ef5 elementor-widget elementor-widget-text-editor" data-id="c794ef5" data-element_type="widget" data-widget_type="text-editor.default">
				<div class="elementor-widget-container">
									<p><strong>Description :</strong><br />Cheminée sur coffrage à réaliser à la pose, en pierre marbrière du Portugal avec une sole foyère, un plateau et une assise en Neolith® coloris iron grey.<br />Elle peut être réalisée également en pierre blanche de Provence.</p><p><strong>Dimensions :</strong><br />350 x 60 cm (avec banquette, photo présentée)</p><p><strong>Dimensions :</strong><br />220 x 60 cm (sans banquette)</p>								</div>
				</div>
				<div class="elementor-element elementor-element-041eb82 elementor-widget elementor-widget-text-editor" data-id="041eb82" data-element_type="widget" data-widget_type="text-editor.default">
				<div class="elementor-widget-container">
									<p><strong>Foyer présenté :</strong><br />&#8211; BURGOS GAZ </p>								</div>
				</div>
				<div class="elementor-element elementor-element-bb2e206 elementor-widget elementor-widget-text-editor" data-id="bb2e206" data-element_type="widget" data-widget_type="text-editor.default">
				<div class="elementor-widget-container">
									<strong>Conseils déco :</strong>
À gauche de la cheminée, ce meuble télé en mélaminé béton noir mat avec une tablette Neolith® est réalisable sur mesure. Une niche réalisée lors de la pose et agrémentée d’étagères en verre viendra apporter la dernière touche d’esthétisme à ce modèle. Demandez conseil à votre revendeur.								</div>
				</div>
				</div>
		<div class="elementor-element elementor-element-ff95bba e-con-full e-flex e-con e-child" data-id="ff95bba" data-element_type="container">
				<div class="elementor-element elementor-element-815978b elementor-widget elementor-widget-text-editor" data-id="815978b" data-element_type="widget" data-widget_type="text-editor.default">
				<div class="elementor-widget-container">
									<p><strong>Matériaux et coloris :</strong></p><p><strong><img decoding="async" class="alignnone wp-image-41176 size-full" src="https://entetedemo02.fr/godin/wp-content/uploads/2025/08/marbriere.png" alt="" width="61" height="64" /> </strong>Pierre marbrière du Portugal</p><p><strong><img decoding="async" class="alignnone wp-image-41087 size-full" src="https://entetedemo02.fr/godin/wp-content/uploads/2025/08/coloris.png" alt="" width="65" height="71" /> </strong>Neolith® iron grey</p><p><strong><img decoding="async" class="alignnone wp-image-41087 size-full" src="https://entetedemo02.fr/godin/wp-content/uploads/2025/08/coloris.png" alt="" width="65" height="71" /> </strong>Mélaminé béton noir mat</p><p><strong><img loading="lazy" decoding="async" class="alignnone wp-image-41177 size-full" src="https://entetedemo02.fr/godin/wp-content/uploads/2025/08/provence.png" alt="" width="62" height="64" /> </strong>Pierre blanche de la provence</p>								</div>
				</div>
				</div>
					</div>
				</div>
				</div>
