{"id":41171,"date":"2025-08-29T10:26:14","date_gmt":"2025-08-29T08:26:14","guid":{"rendered":"https:\/\/entetedemo02.fr\/godin\/?post_type=services&#038;p=41171"},"modified":"2025-08-29T10:30:30","modified_gmt":"2025-08-29T08:30:30","slug":"abbans","status":"publish","type":"services","link":"https:\/\/entetedemo02.fr\/godin\/services\/abbans\/","title":{"rendered":"ABBANS"},"content":{"rendered":"\t\t<div data-elementor-type=\"wp-post\" data-elementor-id=\"41171\" class=\"elementor elementor-41171\">\n\t\t\t\t<div class=\"elementor-element elementor-element-dbd6ea9 e-flex e-con-boxed e-con e-parent\" data-id=\"dbd6ea9\" data-element_type=\"container\">\n\t\t\t\t\t<div class=\"e-con-inner\">\n\t\t\t\t<div class=\"elementor-element elementor-element-ff023e6 elementor-widget elementor-widget-heading\" data-id=\"ff023e6\" data-element_type=\"widget\" data-widget_type=\"heading.default\">\n\t\t\t\t<div class=\"elementor-widget-container\">\n\t\t\t\t\t<h2 class=\"elementor-heading-title elementor-size-default\">ABBANS<\/h2>\t\t\t\t<\/div>\n\t\t\t\t<\/div>\n\t\t\t\t\t<\/div>\n\t\t\t\t<\/div>\n\t\t<div class=\"elementor-element elementor-element-7f1cf535 e-flex e-con-boxed e-con e-parent\" data-id=\"7f1cf535\" data-element_type=\"container\">\n\t\t\t\t\t<div class=\"e-con-inner\">\n\t\t\t\t<div class=\"elementor-element elementor-element-021427d elementor-widget__width-initial lte-animation-speed-slow elementor-invisible elementor-widget elementor-widget-image\" data-id=\"021427d\" data-element_type=\"widget\" data-settings=\"{&quot;_animation&quot;:&quot;fadeInUp&quot;}\" data-widget_type=\"image.default\">\n\t\t\t\t<div class=\"elementor-widget-container\">\n\t\t\t\t\t\t\t\t\t\t\t\t\t\t\t<img fetchpriority=\"high\" decoding=\"async\" width=\"2035\" height=\"1358\" src=\"https:\/\/entetedemo02.fr\/godin\/wp-content\/uploads\/2025\/08\/abbans.webp\" class=\"attachment-full size-full wp-image-41056\" alt=\"\" srcset=\"https:\/\/entetedemo02.fr\/godin\/wp-content\/uploads\/2025\/08\/abbans.webp 2035w, https:\/\/entetedemo02.fr\/godin\/wp-content\/uploads\/2025\/08\/abbans-300x200.webp 300w, https:\/\/entetedemo02.fr\/godin\/wp-content\/uploads\/2025\/08\/abbans-1024x683.webp 1024w, https:\/\/entetedemo02.fr\/godin\/wp-content\/uploads\/2025\/08\/abbans-768x513.webp 768w, https:\/\/entetedemo02.fr\/godin\/wp-content\/uploads\/2025\/08\/abbans-1536x1025.webp 1536w, https:\/\/entetedemo02.fr\/godin\/wp-content\/uploads\/2025\/08\/abbans-500x334.webp 500w, https:\/\/entetedemo02.fr\/godin\/wp-content\/uploads\/2025\/08\/abbans-100x67.webp 100w, https:\/\/entetedemo02.fr\/godin\/wp-content\/uploads\/2025\/08\/abbans-1250x834.webp 1250w\" sizes=\"(max-width: 2035px) 100vw, 2035px\" \/>\t\t\t\t\t\t\t\t\t\t\t\t\t\t\t<\/div>\n\t\t\t\t<\/div>\n\t\t\t\t\t<\/div>\n\t\t\t\t<\/div>\n\t\t<div class=\"elementor-element elementor-element-79e28ee e-flex e-con-boxed e-con e-parent\" data-id=\"79e28ee\" data-element_type=\"container\">\n\t\t\t\t\t<div class=\"e-con-inner\">\n\t\t<div class=\"elementor-element elementor-element-e319ee9 e-con-full e-flex e-con e-child\" data-id=\"e319ee9\" data-element_type=\"container\">\n\t\t\t\t<div class=\"elementor-element elementor-element-c794ef5 elementor-widget elementor-widget-text-editor\" data-id=\"c794ef5\" data-element_type=\"widget\" data-widget_type=\"text-editor.default\">\n\t\t\t\t<div class=\"elementor-widget-container\">\n\t\t\t\t\t\t\t\t\t<p><strong>Description :<\/strong><br \/>Le soubassement de cette chemin\u00e9e est r\u00e9alis\u00e9 en pierre blanche de Provence et pierre bleue du Hainaut adoucie. Elle peut \u00e9galement \u00eatre disponible en pierre marbri\u00e8re du Portugal.<\/p><p><strong>Dimensions :<\/strong><br \/>140 x 75 cm<\/p>\t\t\t\t\t\t\t\t<\/div>\n\t\t\t\t<\/div>\n\t\t\t\t<div class=\"elementor-element elementor-element-041eb82 elementor-widget elementor-widget-text-editor\" data-id=\"041eb82\" data-element_type=\"widget\" data-widget_type=\"text-editor.default\">\n\t\t\t\t<div class=\"elementor-widget-container\">\n\t\t\t\t\t\t\t\t\t<p><strong>Foyer pr\u00e9sent\u00e9 :<\/strong><br \/>&#8211; 796 3V<\/p>\t\t\t\t\t\t\t\t<\/div>\n\t\t\t\t<\/div>\n\t\t\t\t<\/div>\n\t\t<div class=\"elementor-element elementor-element-ff95bba e-con-full e-flex e-con e-child\" data-id=\"ff95bba\" data-element_type=\"container\">\n\t\t\t\t<div class=\"elementor-element elementor-element-815978b elementor-widget elementor-widget-text-editor\" data-id=\"815978b\" data-element_type=\"widget\" data-widget_type=\"text-editor.default\">\n\t\t\t\t<div class=\"elementor-widget-container\">\n\t\t\t\t\t\t\t\t\t<p><strong>Mat\u00e9riaux et coloris :<\/strong><\/p><p><strong><img decoding=\"async\" class=\"alignnone wp-image-41140 size-full\" src=\"https:\/\/entetedemo02.fr\/godin\/wp-content\/uploads\/2025\/08\/pierre-adoucie.png\" alt=\"\" width=\"62\" height=\"66\" \/> <\/strong>Pierre bleue du Hainaut adoucie<\/p><p><strong><img decoding=\"async\" class=\"alignnone wp-image-41177 size-full\" src=\"https:\/\/entetedemo02.fr\/godin\/wp-content\/uploads\/2025\/08\/provence.png\" alt=\"\" width=\"62\" height=\"64\" \/> <\/strong>Pierre blanche de Provence<\/p><p><strong><img loading=\"lazy\" decoding=\"async\" class=\"alignnone wp-image-41176 size-full\" src=\"https:\/\/entetedemo02.fr\/godin\/wp-content\/uploads\/2025\/08\/marbriere.png\" alt=\"\" width=\"61\" height=\"64\" \/> <\/strong>Pierre marbri\u00e8re du Portugal<\/p>\t\t\t\t\t\t\t\t<\/div>\n\t\t\t\t<\/div>\n\t\t\t\t<\/div>\n\t\t\t\t\t<\/div>\n\t\t\t\t<\/div>\n\t\t\t\t<\/div>\n\t\t","protected":false},"featured_media":41056,"template":"elementor_header_footer","class_list":["post-41171","services","type-services","status-publish","has-post-thumbnail","hentry","services-category-cheminees-inserts"],"_links":{"self":[{"href":"https:\/\/entetedemo02.fr\/godin\/wp-json\/wp\/v2\/services\/41171","targetHints":{"allow":["GET"]}}],"collection":[{"href":"https:\/\/entetedemo02.fr\/godin\/wp-json\/wp\/v2\/services"}],"about":[{"href":"https:\/\/entetedemo02.fr\/godin\/wp-json\/wp\/v2\/types\/services"}],"version-history":[{"count":4,"href":"https:\/\/entetedemo02.fr\/godin\/wp-json\/wp\/v2\/services\/41171\/revisions"}],"predecessor-version":[{"id":41180,"href":"https:\/\/entetedemo02.fr\/godin\/wp-json\/wp\/v2\/services\/41171\/revisions\/41180"}],"wp:featuredmedia":[{"embeddable":true,"href":"https:\/\/entetedemo02.fr\/godin\/wp-json\/wp\/v2\/media\/41056"}],"wp:attachment":[{"href":"https:\/\/entetedemo02.fr\/godin\/wp-json\/wp\/v2\/media?parent=41171"}],"curies":[{"name":"wp","href":"https:\/\/api.w.org\/{rel}","templated":true}]}}

<div data-elementor-type="wp-post" data-elementor-id="41171" class="elementor elementor-41171">
				<div class="elementor-element elementor-element-dbd6ea9 e-flex e-con-boxed e-con e-parent" data-id="dbd6ea9" data-element_type="container">
					<div class="e-con-inner">
				<div class="elementor-element elementor-element-ff023e6 elementor-widget elementor-widget-heading" data-id="ff023e6" data-element_type="widget" data-widget_type="heading.default">
				<div class="elementor-widget-container">
					<h2 class="elementor-heading-title elementor-size-default">ABBANS</h2>				</div>
				</div>
					</div>
				</div>
		<div class="elementor-element elementor-element-7f1cf535 e-flex e-con-boxed e-con e-parent" data-id="7f1cf535" data-element_type="container">
					<div class="e-con-inner">
				<div class="elementor-element elementor-element-021427d elementor-widget__width-initial lte-animation-speed-slow elementor-invisible elementor-widget elementor-widget-image" data-id="021427d" data-element_type="widget" data-settings="{&quot;_animation&quot;:&quot;fadeInUp&quot;}" data-widget_type="image.default">
				<div class="elementor-widget-container">
															<img fetchpriority="high" decoding="async" width="2035" height="1358" src="https://entetedemo02.fr/godin/wp-content/uploads/2025/08/abbans.webp" class="attachment-full size-full wp-image-41056" alt="" srcset="https://entetedemo02.fr/godin/wp-content/uploads/2025/08/abbans.webp 2035w, https://entetedemo02.fr/godin/wp-content/uploads/2025/08/abbans-300x200.webp 300w, https://entetedemo02.fr/godin/wp-content/uploads/2025/08/abbans-1024x683.webp 1024w, https://entetedemo02.fr/godin/wp-content/uploads/2025/08/abbans-768x513.webp 768w, https://entetedemo02.fr/godin/wp-content/uploads/2025/08/abbans-1536x1025.webp 1536w, https://entetedemo02.fr/godin/wp-content/uploads/2025/08/abbans-500x334.webp 500w, https://entetedemo02.fr/godin/wp-content/uploads/2025/08/abbans-100x67.webp 100w, https://entetedemo02.fr/godin/wp-content/uploads/2025/08/abbans-1250x834.webp 1250w" sizes="(max-width: 2035px) 100vw, 2035px" />															</div>
				</div>
					</div>
				</div>
		<div class="elementor-element elementor-element-79e28ee e-flex e-con-boxed e-con e-parent" data-id="79e28ee" data-element_type="container">
					<div class="e-con-inner">
		<div class="elementor-element elementor-element-e319ee9 e-con-full e-flex e-con e-child" data-id="e319ee9" data-element_type="container">
				<div class="elementor-element elementor-element-c794ef5 elementor-widget elementor-widget-text-editor" data-id="c794ef5" data-element_type="widget" data-widget_type="text-editor.default">
				<div class="elementor-widget-container">
									<p><strong>Description :</strong><br />Le soubassement de cette cheminée est réalisé en pierre blanche de Provence et pierre bleue du Hainaut adoucie. Elle peut également être disponible en pierre marbrière du Portugal.</p><p><strong>Dimensions :</strong><br />140 x 75 cm</p>								</div>
				</div>
				<div class="elementor-element elementor-element-041eb82 elementor-widget elementor-widget-text-editor" data-id="041eb82" data-element_type="widget" data-widget_type="text-editor.default">
				<div class="elementor-widget-container">
									<p><strong>Foyer présenté :</strong><br />&#8211; 796 3V</p>								</div>
				</div>
				</div>
		<div class="elementor-element elementor-element-ff95bba e-con-full e-flex e-con e-child" data-id="ff95bba" data-element_type="container">
				<div class="elementor-element elementor-element-815978b elementor-widget elementor-widget-text-editor" data-id="815978b" data-element_type="widget" data-widget_type="text-editor.default">
				<div class="elementor-widget-container">
									<p><strong>Matériaux et coloris :</strong></p><p><strong><img decoding="async" class="alignnone wp-image-41140 size-full" src="https://entetedemo02.fr/godin/wp-content/uploads/2025/08/pierre-adoucie.png" alt="" width="62" height="66" /> </strong>Pierre bleue du Hainaut adoucie</p><p><strong><img decoding="async" class="alignnone wp-image-41177 size-full" src="https://entetedemo02.fr/godin/wp-content/uploads/2025/08/provence.png" alt="" width="62" height="64" /> </strong>Pierre blanche de Provence</p><p><strong><img loading="lazy" decoding="async" class="alignnone wp-image-41176 size-full" src="https://entetedemo02.fr/godin/wp-content/uploads/2025/08/marbriere.png" alt="" width="61" height="64" /> </strong>Pierre marbrière du Portugal</p>								</div>
				</div>
				</div>
					</div>
				</div>
				</div>
