{"id":4455,"date":"2026-03-02T10:14:05","date_gmt":"2026-03-02T09:14:05","guid":{"rendered":"https:\/\/entetedemo02.fr\/chec\/?page_id=4455"},"modified":"2026-04-07T11:25:41","modified_gmt":"2026-04-07T09:25:41","slug":"seminaires-de-pedagogie-du-chec","status":"publish","type":"page","link":"https:\/\/entetedemo02.fr\/chec\/seminaires-de-pedagogie-du-chec\/","title":{"rendered":"S\u00e9minaires de P\u00e9dagogie du CHEC"},"content":{"rendered":"\t\t<div data-elementor-type=\"wp-page\" data-elementor-id=\"4455\" class=\"elementor elementor-4455\">\n\t\t\t\t<div class=\"elementor-element elementor-element-e3e91e4 e-flex e-con-boxed e-con e-parent\" data-id=\"e3e91e4\" data-element_type=\"container\" data-settings=\"{&quot;background_background&quot;:&quot;classic&quot;}\">\n\t\t\t\t\t<div class=\"e-con-inner\">\n\t\t\t\t<div class=\"elementor-element elementor-element-18c9d05 elementor-widget__width-inherit media_position-outer button_animation-default elementor-widget elementor-widget-wgl-time-line-vertical\" data-id=\"18c9d05\" data-element_type=\"widget\" data-widget_type=\"wgl-time-line-vertical.default\">\n\t\t\t\t<div class=\"elementor-widget-container\">\n\t\t\t\t\t<div class=\"wgl-timeline-vertical  breakpoint_on-mobile\"><div class=\"tlv__items-wrapper elementor-repeater-item-3cab990\"><div class=\"tlv__item\">\r\n            <div class=\"tlv__curve-wrapper\">\r\n                <div class=\"dot\"><\/div><span class=\"tlv__number\">13<\/span><\/div>\r\n            <div class=\"tlv__volume-wrapper\">\r\n                <div class=\"tlv__content-wrapper\">\r\n                    <div class=\"tlv__content\"><div class=\"tlv__content-header\"><div class=\"tlv__date-wrapper\"><span class=\"tlv__date\">2026<\/span><\/div><h3 class=\"tlv__title\">13\u00e8me s\u00e9minaire de p\u00e9dagogie le 17 septembre 2026<\/h3><\/div><div class=\"tlv__text\"><p><strong>Programme \u00e0 venir<\/strong><\/p><\/div><\/div>\r\n                <\/div>\r\n            <\/div>\r\n            <\/div><\/div><div class=\"tlv__items-wrapper elementor-repeater-item-f0b7ee3\"><div class=\"tlv__item\">\r\n            <div class=\"tlv__curve-wrapper\">\r\n                <div class=\"dot\"><\/div><span class=\"tlv__number\">12<\/span><\/div>\r\n            <div class=\"tlv__volume-wrapper\">\r\n                <div class=\"tlv__content-wrapper\">\r\n                    <div class=\"tlv__content\"><div class=\"tlv__content-header\"><div class=\"tlv__date-wrapper\"><span class=\"tlv__date\">2025<\/span><\/div><h3 class=\"tlv__title\">12\u00e8me s\u00e9minaire de p\u00e9dagogie le 10 septembre 2025<\/h3><\/div><div class=\"wgl-button-wrapper rm_btn\"><div class=\"read-more-wrap\"><a href=\"https:\/\/entetedemo02.fr\/chec\/wp-content\/uploads\/2026\/03\/PROGRAMME-Seminaire-Pedagogie-CHEC-2025_.pdf\" target=\"_blank\" class=\"tlw__button button-read-more \"><span>Programme<\/span><\/a><\/div><\/div><\/div>\r\n                <\/div>\r\n            <\/div>\r\n            <\/div><\/div><div class=\"tlv__items-wrapper elementor-repeater-item-4452224\"><div class=\"tlv__item\">\r\n            <div class=\"tlv__curve-wrapper\">\r\n                <div class=\"dot\"><\/div><span class=\"tlv__number\">11<\/span><\/div>\r\n            <div class=\"tlv__volume-wrapper\">\r\n                <div class=\"tlv__content-wrapper\">\r\n                    <div class=\"tlv__content\"><div class=\"tlv__content-header\"><div class=\"tlv__date-wrapper\"><span class=\"tlv__date\">2024<\/span><\/div><h3 class=\"tlv__title\">11\u00e8me s\u00e9minaire de p\u00e9dagogie le 20 septembre 2024<\/h3><\/div><div class=\"wgl-button-wrapper rm_btn\"><div class=\"read-more-wrap\"><a href=\"https:\/\/entetedemo02.fr\/chec\/wp-content\/uploads\/2026\/03\/PROGRAMME-Seminaire-Pedagogie-CHEC-2024-v3.pdf\" target=\"_blank\" class=\"tlw__button button-read-more \"><span>Programme<\/span><\/a><\/div><\/div><\/div>\r\n                <\/div>\r\n            <\/div>\r\n            <\/div><\/div><div class=\"tlv__items-wrapper elementor-repeater-item-0a1432c\"><div class=\"tlv__item\">\r\n            <div class=\"tlv__curve-wrapper\">\r\n                <div class=\"dot\"><\/div><span class=\"tlv__number\">10<\/span><\/div>\r\n            <div class=\"tlv__volume-wrapper\">\r\n                <div class=\"tlv__content-wrapper\">\r\n                    <div class=\"tlv__content\"><div class=\"tlv__content-header\"><div class=\"tlv__date-wrapper\"><span class=\"tlv__date\">2023<\/span><\/div><h3 class=\"tlv__title\">10\u00e8me s\u00e9minaire de p\u00e9dagogie le 21 septembre 2023<\/h3><\/div><div class=\"wgl-button-wrapper rm_btn\"><div class=\"read-more-wrap\"><a href=\"https:\/\/entetedemo02.fr\/chec\/wp-content\/uploads\/2026\/03\/PROGRAMME-Seminaire-Pedagogie-CHEC-2023-V8.pdf\" target=\"_blank\" class=\"tlw__button button-read-more \"><span>Programme<\/span><\/a><\/div><\/div><\/div>\r\n                <\/div>\r\n            <\/div>\r\n            <\/div><\/div><div class=\"tlv__items-wrapper elementor-repeater-item-0cd5216\"><div class=\"tlv__item\">\r\n            <div class=\"tlv__curve-wrapper\">\r\n                <div class=\"dot\"><\/div><span class=\"tlv__number\">9<\/span><\/div>\r\n            <div class=\"tlv__volume-wrapper\">\r\n                <div class=\"tlv__content-wrapper\">\r\n                    <div class=\"tlv__content\"><div class=\"tlv__content-header\"><div class=\"tlv__date-wrapper\"><span class=\"tlv__date\">2022<\/span><\/div><h3 class=\"tlv__title\">9\u00e8me s\u00e9minaire de p\u00e9dagogie le 29 septembre 2022<\/h3><\/div><div class=\"wgl-button-wrapper rm_btn\"><div class=\"read-more-wrap\"><a href=\"https:\/\/entetedemo02.fr\/chec\/wp-content\/uploads\/2026\/03\/PROGRAMME-Seminaire-Pedagogie-CHEC-2022-v3.4.pdf\" target=\"_blank\" class=\"tlw__button button-read-more \"><span>Programme<\/span><\/a><\/div><\/div><\/div>\r\n                <\/div>\r\n            <\/div>\r\n            <\/div><\/div><div class=\"tlv__items-wrapper elementor-repeater-item-e81923e\"><div class=\"tlv__item\">\r\n            <div class=\"tlv__curve-wrapper\">\r\n                <div class=\"dot\"><\/div><span class=\"tlv__number\">8<\/span><\/div>\r\n            <div class=\"tlv__volume-wrapper\">\r\n                <div class=\"tlv__content-wrapper\">\r\n                    <div class=\"tlv__content\"><div class=\"tlv__content-header\"><div class=\"tlv__date-wrapper\"><span class=\"tlv__date\">2021<\/span><\/div><h3 class=\"tlv__title\">8\u00e8me s\u00e9minaire de p\u00e9dagogie le 17 septembre 2021<\/h3><\/div><div class=\"wgl-button-wrapper rm_btn\"><div class=\"read-more-wrap\"><a href=\"https:\/\/entetedemo02.fr\/chec\/wp-content\/uploads\/2026\/03\/CHEC-Seminaire-de-Pedagogie-2021-Programme.pdf\" target=\"_blank\" class=\"tlw__button button-read-more \"><span>Programme<\/span><\/a><\/div><\/div><\/div>\r\n                <\/div>\r\n            <\/div>\r\n            <\/div><\/div><div class=\"tlv__items-wrapper elementor-repeater-item-5bf51c7\"><div class=\"tlv__item\">\r\n            <div class=\"tlv__curve-wrapper\">\r\n                <div class=\"dot\"><\/div><span class=\"tlv__number\">7<\/span><\/div>\r\n            <div class=\"tlv__volume-wrapper\">\r\n                <div class=\"tlv__content-wrapper\">\r\n                    <div class=\"tlv__content\"><div class=\"tlv__content-header\"><div class=\"tlv__date-wrapper\"><span class=\"tlv__date\">2020<\/span><\/div><h3 class=\"tlv__title\">7\u00e8me s\u00e9minaire de p\u00e9dagogie le 12 novembre 2020<\/h3><\/div><div class=\"wgl-button-wrapper rm_btn\"><div class=\"read-more-wrap\"><a href=\"https:\/\/entetedemo02.fr\/chec\/wp-content\/uploads\/2026\/03\/semin-pedago2020.pdf\" target=\"_blank\" class=\"tlw__button button-read-more \"><span>Programme<\/span><\/a><\/div><\/div><\/div>\r\n                <\/div>\r\n            <\/div>\r\n            <\/div><\/div><div class=\"tlv__items-wrapper elementor-repeater-item-a7e71de\"><div class=\"tlv__item\">\r\n            <div class=\"tlv__curve-wrapper\">\r\n                <div class=\"dot\"><\/div><span class=\"tlv__number\">6<\/span><\/div>\r\n            <div class=\"tlv__volume-wrapper\">\r\n                <div class=\"tlv__content-wrapper\">\r\n                    <div class=\"tlv__content\"><div class=\"tlv__content-header\"><div class=\"tlv__date-wrapper\"><span class=\"tlv__date\">2019<\/span><\/div><h3 class=\"tlv__title\">6\u00e8me s\u00e9minaire de p\u00e9dagogie le 19 septembre 2019<\/h3><\/div><div class=\"wgl-button-wrapper rm_btn\"><div class=\"read-more-wrap\"><a href=\"https:\/\/entetedemo02.fr\/chec\/wp-content\/uploads\/2026\/03\/190910-1_Programme_du_seminaire_de_pedagogie_2019D.pdf\" target=\"_blank\" class=\"tlw__button button-read-more \"><span>Programme<\/span><\/a><\/div><\/div><\/div>\r\n                <\/div>\r\n            <\/div>\r\n            <\/div><\/div><div class=\"tlv__items-wrapper elementor-repeater-item-b850682\"><div class=\"tlv__item\">\r\n            <div class=\"tlv__curve-wrapper\">\r\n                <div class=\"dot\"><\/div><span class=\"tlv__number\">5<\/span><\/div>\r\n            <div class=\"tlv__volume-wrapper\">\r\n                <div class=\"tlv__content-wrapper\">\r\n                    <div class=\"tlv__content\"><div class=\"tlv__content-header\"><div class=\"tlv__date-wrapper\"><span class=\"tlv__date\">2018<\/span><\/div><h3 class=\"tlv__title\">5\u00e8me s\u00e9minaire de p\u00e9dagogie le 20 septembre 2018<\/h3><\/div><div class=\"wgl-button-wrapper rm_btn\"><div class=\"read-more-wrap\"><a href=\"https:\/\/entetedemo02.fr\/chec\/wp-content\/uploads\/2026\/03\/180917_Programme_des_journees_pedagogiques_septembre_2018D.pdf\" target=\"_blank\" class=\"tlw__button button-read-more \"><span>Programme<\/span><\/a><\/div><\/div><\/div>\r\n                <\/div>\r\n            <\/div>\r\n            <\/div><\/div><div class=\"tlv__items-wrapper elementor-repeater-item-2676234\"><div class=\"tlv__item\">\r\n            <div class=\"tlv__curve-wrapper\">\r\n                <div class=\"dot\"><\/div><span class=\"tlv__number\">4<\/span><\/div>\r\n            <div class=\"tlv__volume-wrapper\">\r\n                <div class=\"tlv__content-wrapper\">\r\n                    <div class=\"tlv__content\"><div class=\"tlv__content-header\"><div class=\"tlv__date-wrapper\"><span class=\"tlv__date\">2017<\/span><\/div><h3 class=\"tlv__title\">4\u00e8me s\u00e9minaire de p\u00e9dagogie le 28 septembre 2017<\/h3><\/div><div class=\"wgl-button-wrapper rm_btn\"><div class=\"read-more-wrap\"><a href=\"https:\/\/entetedemo02.fr\/chec\/wp-content\/uploads\/2026\/03\/170918_Programme_des_journees_pedagogiques_28_et_29_septembre_2017.pdf\" target=\"_blank\" class=\"tlw__button button-read-more \"><span>Programme<\/span><\/a><\/div><\/div><\/div>\r\n                <\/div>\r\n            <\/div>\r\n            <\/div><\/div><div class=\"tlv__item-start\"><\/div><div class=\"tlv__item-end\"><\/div><\/div>\t\t\t\t<\/div>\n\t\t\t\t<\/div>\n\t\t\t\t\t<\/div>\n\t\t\t\t<\/div>\n\t\t\t\t<\/div>\n\t\t","protected":false},"excerpt":{"rendered":"<p>13 2026 13\u00e8me s\u00e9minaire de p\u00e9dagogie le 17 septembre 2026 Programme \u00e0 venir 12 2025 12\u00e8me s\u00e9minaire de p\u00e9dagogie le 10 septembre 2025 Programme 11 2024 11\u00e8me s\u00e9minaire de p\u00e9dagogie le 20 septembre 2024 Programme 10 2023 10\u00e8me s\u00e9minaire de p\u00e9dagogie le 21 septembre 2023 Programme 9 2022 9\u00e8me s\u00e9minaire de p\u00e9dagogie le 29 septembre [&hellip;]<\/p>\n","protected":false},"author":1,"featured_media":0,"parent":0,"menu_order":0,"comment_status":"closed","ping_status":"closed","template":"","meta":{"pmpro_default_level":"","footnotes":""},"class_list":["post-4455","page","type-page","status-publish","hentry","pmpro-has-access"],"_links":{"self":[{"href":"https:\/\/entetedemo02.fr\/chec\/wp-json\/wp\/v2\/pages\/4455","targetHints":{"allow":["GET"]}}],"collection":[{"href":"https:\/\/entetedemo02.fr\/chec\/wp-json\/wp\/v2\/pages"}],"about":[{"href":"https:\/\/entetedemo02.fr\/chec\/wp-json\/wp\/v2\/types\/page"}],"author":[{"embeddable":true,"href":"https:\/\/entetedemo02.fr\/chec\/wp-json\/wp\/v2\/users\/1"}],"replies":[{"embeddable":true,"href":"https:\/\/entetedemo02.fr\/chec\/wp-json\/wp\/v2\/comments?post=4455"}],"version-history":[{"count":19,"href":"https:\/\/entetedemo02.fr\/chec\/wp-json\/wp\/v2\/pages\/4455\/revisions"}],"predecessor-version":[{"id":4663,"href":"https:\/\/entetedemo02.fr\/chec\/wp-json\/wp\/v2\/pages\/4455\/revisions\/4663"}],"wp:attachment":[{"href":"https:\/\/entetedemo02.fr\/chec\/wp-json\/wp\/v2\/media?parent=4455"}],"curies":[{"name":"wp","href":"https:\/\/api.w.org\/{rel}","templated":true}]}}

Séminaires de Pédagogie du CHEC

<div data-elementor-type="wp-page" data-elementor-id="4455" class="elementor elementor-4455">
				<div class="elementor-element elementor-element-e3e91e4 e-flex e-con-boxed e-con e-parent" data-id="e3e91e4" data-element_type="container" data-settings="{&quot;background_background&quot;:&quot;classic&quot;}">
					<div class="e-con-inner">
				<div class="elementor-element elementor-element-18c9d05 elementor-widget__width-inherit media_position-outer button_animation-default elementor-widget elementor-widget-wgl-time-line-vertical" data-id="18c9d05" data-element_type="widget" data-widget_type="wgl-time-line-vertical.default">
				<div class="elementor-widget-container">
					<div class="wgl-timeline-vertical  breakpoint_on-mobile"><div class="tlv__items-wrapper elementor-repeater-item-3cab990"><div class="tlv__item">
            <div class="tlv__curve-wrapper">
                <div class="dot"></div><span class="tlv__number">13</span></div>
            <div class="tlv__volume-wrapper">
                <div class="tlv__content-wrapper">
                    <div class="tlv__content"><div class="tlv__content-header"><div class="tlv__date-wrapper"><span class="tlv__date">2026</span></div><h3 class="tlv__title">13ème séminaire de pédagogie le 17 septembre 2026</h3></div><div class="tlv__text"><p><strong>Programme à venir</strong></p></div></div>
                </div>
            </div>
            </div></div><div class="tlv__items-wrapper elementor-repeater-item-f0b7ee3"><div class="tlv__item">
            <div class="tlv__curve-wrapper">
                <div class="dot"></div><span class="tlv__number">12</span></div>
            <div class="tlv__volume-wrapper">
                <div class="tlv__content-wrapper">
                    <div class="tlv__content"><div class="tlv__content-header"><div class="tlv__date-wrapper"><span class="tlv__date">2025</span></div><h3 class="tlv__title">12ème séminaire de pédagogie le 10 septembre 2025</h3></div><div class="wgl-button-wrapper rm_btn"><div class="read-more-wrap"><a href="https://entetedemo02.fr/chec/wp-content/uploads/2026/03/PROGRAMME-Seminaire-Pedagogie-CHEC-2025_.pdf" target="_blank" class="tlw__button button-read-more "><span>Programme</span></a></div></div></div>
                </div>
            </div>
            </div></div><div class="tlv__items-wrapper elementor-repeater-item-4452224"><div class="tlv__item">
            <div class="tlv__curve-wrapper">
                <div class="dot"></div><span class="tlv__number">11</span></div>
            <div class="tlv__volume-wrapper">
                <div class="tlv__content-wrapper">
                    <div class="tlv__content"><div class="tlv__content-header"><div class="tlv__date-wrapper"><span class="tlv__date">2024</span></div><h3 class="tlv__title">11ème séminaire de pédagogie le 20 septembre 2024</h3></div><div class="wgl-button-wrapper rm_btn"><div class="read-more-wrap"><a href="https://entetedemo02.fr/chec/wp-content/uploads/2026/03/PROGRAMME-Seminaire-Pedagogie-CHEC-2024-v3.pdf" target="_blank" class="tlw__button button-read-more "><span>Programme</span></a></div></div></div>
                </div>
            </div>
            </div></div><div class="tlv__items-wrapper elementor-repeater-item-0a1432c"><div class="tlv__item">
            <div class="tlv__curve-wrapper">
                <div class="dot"></div><span class="tlv__number">10</span></div>
            <div class="tlv__volume-wrapper">
                <div class="tlv__content-wrapper">
                    <div class="tlv__content"><div class="tlv__content-header"><div class="tlv__date-wrapper"><span class="tlv__date">2023</span></div><h3 class="tlv__title">10ème séminaire de pédagogie le 21 septembre 2023</h3></div><div class="wgl-button-wrapper rm_btn"><div class="read-more-wrap"><a href="https://entetedemo02.fr/chec/wp-content/uploads/2026/03/PROGRAMME-Seminaire-Pedagogie-CHEC-2023-V8.pdf" target="_blank" class="tlw__button button-read-more "><span>Programme</span></a></div></div></div>
                </div>
            </div>
            </div></div><div class="tlv__items-wrapper elementor-repeater-item-0cd5216"><div class="tlv__item">
            <div class="tlv__curve-wrapper">
                <div class="dot"></div><span class="tlv__number">9</span></div>
            <div class="tlv__volume-wrapper">
                <div class="tlv__content-wrapper">
                    <div class="tlv__content"><div class="tlv__content-header"><div class="tlv__date-wrapper"><span class="tlv__date">2022</span></div><h3 class="tlv__title">9ème séminaire de pédagogie le 29 septembre 2022</h3></div><div class="wgl-button-wrapper rm_btn"><div class="read-more-wrap"><a href="https://entetedemo02.fr/chec/wp-content/uploads/2026/03/PROGRAMME-Seminaire-Pedagogie-CHEC-2022-v3.4.pdf" target="_blank" class="tlw__button button-read-more "><span>Programme</span></a></div></div></div>
                </div>
            </div>
            </div></div><div class="tlv__items-wrapper elementor-repeater-item-e81923e"><div class="tlv__item">
            <div class="tlv__curve-wrapper">
                <div class="dot"></div><span class="tlv__number">8</span></div>
            <div class="tlv__volume-wrapper">
                <div class="tlv__content-wrapper">
                    <div class="tlv__content"><div class="tlv__content-header"><div class="tlv__date-wrapper"><span class="tlv__date">2021</span></div><h3 class="tlv__title">8ème séminaire de pédagogie le 17 septembre 2021</h3></div><div class="wgl-button-wrapper rm_btn"><div class="read-more-wrap"><a href="https://entetedemo02.fr/chec/wp-content/uploads/2026/03/CHEC-Seminaire-de-Pedagogie-2021-Programme.pdf" target="_blank" class="tlw__button button-read-more "><span>Programme</span></a></div></div></div>
                </div>
            </div>
            </div></div><div class="tlv__items-wrapper elementor-repeater-item-5bf51c7"><div class="tlv__item">
            <div class="tlv__curve-wrapper">
                <div class="dot"></div><span class="tlv__number">7</span></div>
            <div class="tlv__volume-wrapper">
                <div class="tlv__content-wrapper">
                    <div class="tlv__content"><div class="tlv__content-header"><div class="tlv__date-wrapper"><span class="tlv__date">2020</span></div><h3 class="tlv__title">7ème séminaire de pédagogie le 12 novembre 2020</h3></div><div class="wgl-button-wrapper rm_btn"><div class="read-more-wrap"><a href="https://entetedemo02.fr/chec/wp-content/uploads/2026/03/semin-pedago2020.pdf" target="_blank" class="tlw__button button-read-more "><span>Programme</span></a></div></div></div>
                </div>
            </div>
            </div></div><div class="tlv__items-wrapper elementor-repeater-item-a7e71de"><div class="tlv__item">
            <div class="tlv__curve-wrapper">
                <div class="dot"></div><span class="tlv__number">6</span></div>
            <div class="tlv__volume-wrapper">
                <div class="tlv__content-wrapper">
                    <div class="tlv__content"><div class="tlv__content-header"><div class="tlv__date-wrapper"><span class="tlv__date">2019</span></div><h3 class="tlv__title">6ème séminaire de pédagogie le 19 septembre 2019</h3></div><div class="wgl-button-wrapper rm_btn"><div class="read-more-wrap"><a href="https://entetedemo02.fr/chec/wp-content/uploads/2026/03/190910-1_Programme_du_seminaire_de_pedagogie_2019D.pdf" target="_blank" class="tlw__button button-read-more "><span>Programme</span></a></div></div></div>
                </div>
            </div>
            </div></div><div class="tlv__items-wrapper elementor-repeater-item-b850682"><div class="tlv__item">
            <div class="tlv__curve-wrapper">
                <div class="dot"></div><span class="tlv__number">5</span></div>
            <div class="tlv__volume-wrapper">
                <div class="tlv__content-wrapper">
                    <div class="tlv__content"><div class="tlv__content-header"><div class="tlv__date-wrapper"><span class="tlv__date">2018</span></div><h3 class="tlv__title">5ème séminaire de pédagogie le 20 septembre 2018</h3></div><div class="wgl-button-wrapper rm_btn"><div class="read-more-wrap"><a href="https://entetedemo02.fr/chec/wp-content/uploads/2026/03/180917_Programme_des_journees_pedagogiques_septembre_2018D.pdf" target="_blank" class="tlw__button button-read-more "><span>Programme</span></a></div></div></div>
                </div>
            </div>
            </div></div><div class="tlv__items-wrapper elementor-repeater-item-2676234"><div class="tlv__item">
            <div class="tlv__curve-wrapper">
                <div class="dot"></div><span class="tlv__number">4</span></div>
            <div class="tlv__volume-wrapper">
                <div class="tlv__content-wrapper">
                    <div class="tlv__content"><div class="tlv__content-header"><div class="tlv__date-wrapper"><span class="tlv__date">2017</span></div><h3 class="tlv__title">4ème séminaire de pédagogie le 28 septembre 2017</h3></div><div class="wgl-button-wrapper rm_btn"><div class="read-more-wrap"><a href="https://entetedemo02.fr/chec/wp-content/uploads/2026/03/170918_Programme_des_journees_pedagogiques_28_et_29_septembre_2017.pdf" target="_blank" class="tlw__button button-read-more "><span>Programme</span></a></div></div></div>
                </div>
            </div>
            </div></div><div class="tlv__item-start"></div><div class="tlv__item-end"></div></div>				</div>
				</div>
					</div>
				</div>
				</div>

<p>13 2026 13ème séminaire de pédagogie le 17 septembre 2026 Programme à venir 12 2025 12ème séminaire de pédagogie le 10 septembre 2025 Programme 11 2024 11ème séminaire de pédagogie le 20 septembre 2024 Programme 10 2023 10ème séminaire de pédagogie le 21 septembre 2023 Programme 9 2022 9ème séminaire de pédagogie le 29 septembre [&hellip;]</p>
