{"id":4104,"date":"2026-01-05T10:50:03","date_gmt":"2026-01-05T09:50:03","guid":{"rendered":"https:\/\/entetedemo02.fr\/chec\/?page_id=4104"},"modified":"2026-01-06T09:21:46","modified_gmt":"2026-01-06T08:21:46","slug":"les-journees-du-chec","status":"publish","type":"page","link":"https:\/\/entetedemo02.fr\/chec\/les-journees-du-chec\/","title":{"rendered":"Les journ\u00e9es du CHEC"},"content":{"rendered":"\t\t<div data-elementor-type=\"wp-page\" data-elementor-id=\"4104\" class=\"elementor elementor-4104\">\n\t\t\t\t<div class=\"elementor-element elementor-element-dfe5be3 e-flex e-con-boxed e-con e-parent\" data-id=\"dfe5be3\" data-element_type=\"container\">\n\t\t\t\t\t<div class=\"e-con-inner\">\n\t\t\t\t<div class=\"elementor-element elementor-element-a6282a2 elementor-invisible elementor-widget elementor-widget-heading\" data-id=\"a6282a2\" data-element_type=\"widget\" data-settings=\"{&quot;_animation&quot;:&quot;fadeIn&quot;}\" data-widget_type=\"heading.default\">\n\t\t\t\t\t<h2 class=\"elementor-heading-title elementor-size-default\">Les 30es journ\u00e9es du CHEC \u00e0 Brest<\/h2>\t\t\t\t<\/div>\n\t\t\t\t<div class=\"elementor-element elementor-element-89402d8 elementor-widget elementor-widget-image\" data-id=\"89402d8\" data-element_type=\"widget\" data-widget_type=\"image.default\">\n\t\t\t\t\t\t\t\t\t\t\t\t\t\t\t\t<a href=\"https:\/\/entetedemo02.fr\/chec\/30es-journees-du-chec-a-brest\/\">\n\t\t\t\t\t\t\t<img loading=\"lazy\" decoding=\"async\" width=\"1024\" height=\"417\" src=\"https:\/\/entetedemo02.fr\/chec\/wp-content\/uploads\/2026\/01\/Affiche_HMA-2026-2-4-1024x417.png\" class=\"attachment-large size-large wp-image-4145\" alt=\"\" srcset=\"https:\/\/entetedemo02.fr\/chec\/wp-content\/uploads\/2026\/01\/Affiche_HMA-2026-2-4-1024x417.png 1024w, https:\/\/entetedemo02.fr\/chec\/wp-content\/uploads\/2026\/01\/Affiche_HMA-2026-2-4-300x122.png 300w, https:\/\/entetedemo02.fr\/chec\/wp-content\/uploads\/2026\/01\/Affiche_HMA-2026-2-4-768x313.png 768w, https:\/\/entetedemo02.fr\/chec\/wp-content\/uploads\/2026\/01\/Affiche_HMA-2026-2-4-1536x625.png 1536w, https:\/\/entetedemo02.fr\/chec\/wp-content\/uploads\/2026\/01\/Affiche_HMA-2026-2-4-1080x440.png 1080w, https:\/\/entetedemo02.fr\/chec\/wp-content\/uploads\/2026\/01\/Affiche_HMA-2026-2-4.png 1638w\" sizes=\"(max-width: 1024px) 100vw, 1024px\" \/>\t\t\t\t\t\t\t\t<\/a>\n\t\t\t\t\t\t\t\t\t\t\t\t\t\t\t<\/div>\n\t\t\t\t<div class=\"elementor-element elementor-element-cbeb437 aleft elementor-widget elementor-widget-wgl-button\" data-id=\"cbeb437\" data-element_type=\"widget\" data-widget_type=\"wgl-button.default\">\n\t\t\t\t<div class=\"elementor-widget-container\">\n\t\t\t\t\t<a class=\"wgl-button  \" href=\"https:\/\/entetedemo02.fr\/chec\/30es-journees-du-chec-a-brest\/\" role=\"button\"><div class=\"button__content\"><span class=\"button__text\">En savoir plus<\/span><\/div><\/a>\t\t\t\t<\/div>\n\t\t\t\t<\/div>\n\t\t\t\t\t<\/div>\n\t\t\t\t<\/div>\n\t\t<div class=\"elementor-element elementor-element-abe8f0d e-flex e-con-boxed e-con e-parent\" data-id=\"abe8f0d\" data-element_type=\"container\">\n\t\t\t\t\t<div class=\"e-con-inner\">\n\t\t\t\t<div class=\"elementor-element elementor-element-a861b8e elementor-widget elementor-widget-wgl-blog\" data-id=\"a861b8e\" data-element_type=\"widget\" data-settings=\"{&quot;blog_columns&quot;:&quot;3&quot;}\" data-widget_type=\"wgl-blog.default\">\n\t\t\t\t<div class=\"elementor-widget-container\">\n\t\t\t\t\t<div class=\"wgl_cpt_section\"><div class=\"blog-posts\"><div class=\"container-grid blog_col-3 grid blog-style-standard\">    <div class=\"item\">\r\n    <div class=\"blog-post format-standard-image\">\r\n    <div class=\"blog-post_wrapper\"><div class=\"blog-post_media\"><div class=\"blog-post_media_part\"><a href=\"https:\/\/entetedemo02.fr\/chec\/nancy-2025\/\" class=\"media-link image-overlay\"><img decoding=\"async\" src=\"https:\/\/entetedemo02.fr\/chec\/wp-content\/uploads\/2026\/02\/Affiche_Histo-Morpho-2025-1170x720.png\" alt=\"Affiche_Histo-Morpho-2025\"><\/a><\/div><\/div>    <div class=\"blog-post_content\"><h4 class=\"blog-post_title\"><a href=\"https:\/\/entetedemo02.fr\/chec\/nancy-2025\/\">Nancy 2025<\/a><\/h4><div class=\"blog-post_text\">Cher(e)s ami(e)s et cher(e)s coll\u00e8gues,\nC\u2019est un grand honneur pour nous d\u2019organiser et de vous inviter \u00e0 participer au\u00a0106e\u00a0Congr\u00e8s de l\u2019Association des Morphologistes...<\/div><div class=\"clear\"><\/div><div class=\"blog-post_footer\">            <div class=\"read-more-wrap\">\r\n                <a href=\"https:\/\/entetedemo02.fr\/chec\/nancy-2025\/\" class=\"button-read-more \"><span class=\"button__text\">En savoir plus<\/span>                <\/a>\r\n            <\/div>    <\/div>\r\n    <\/div>\r\n    <\/div>\r\n    <\/div>\r\n    <\/div>    <div class=\"item\">\r\n    <div class=\"blog-post format-standard-image\">\r\n    <div class=\"blog-post_wrapper\"><div class=\"blog-post_media\"><div class=\"blog-post_media_part\"><a href=\"https:\/\/entetedemo02.fr\/chec\/nice-2024\/\" class=\"media-link image-overlay\"><img decoding=\"async\" src=\"https:\/\/entetedemo02.fr\/chec\/wp-content\/uploads\/2026\/02\/Affiche_Histo-Morpho-2024-1170x720.webp\" alt=\"Affiche_Histo-Morpho-2024\"><\/a><\/div><\/div>    <div class=\"blog-post_content\"><h4 class=\"blog-post_title\"><a href=\"https:\/\/entetedemo02.fr\/chec\/nice-2024\/\">Nice 2024<\/a><\/h4><div class=\"blog-post_text\">Cher(e)s ami(e)s et cher(e)s coll\u00e8gues,\nC\u2019est un grand honneur pour nous d\u2019organiser et de vous inviter \u00e0 participer au\u00a0105e\u00a0Congr\u00e8s de l\u2019Association des Morphologistes...<\/div><div class=\"clear\"><\/div><div class=\"blog-post_footer\">            <div class=\"read-more-wrap\">\r\n                <a href=\"https:\/\/entetedemo02.fr\/chec\/nice-2024\/\" class=\"button-read-more \"><span class=\"button__text\">En savoir plus<\/span>                <\/a>\r\n            <\/div>    <\/div>\r\n    <\/div>\r\n    <\/div>\r\n    <\/div>\r\n    <\/div>    <div class=\"item\">\r\n    <div class=\"blog-post format-standard-image\">\r\n    <div class=\"blog-post_wrapper\"><div class=\"blog-post_media\"><div class=\"blog-post_media_part\"><a href=\"https:\/\/entetedemo02.fr\/chec\/27es-journees-du-chec\/\" class=\"media-link image-overlay\"><img decoding=\"async\" src=\"https:\/\/entetedemo02.fr\/chec\/wp-content\/uploads\/2026\/01\/Affiche_Histo-Morpho-2023-1170x720.png\" alt=\"Affiche_Histo-Morpho-2023\"><\/a><\/div><\/div>    <div class=\"blog-post_content\"><h4 class=\"blog-post_title\"><a href=\"https:\/\/entetedemo02.fr\/chec\/27es-journees-du-chec\/\">Lille 2023<\/a><\/h4><div class=\"blog-post_text\">Cher(e)s ami(e)s et cher(e)s coll\u00e8gues,\nC\u2019est un grand honneur pour nous d\u2019organiser et de vous inviter \u00e0 participer au\u00a0104e\u00a0Congr\u00e8s de l\u2019Association des Morphologistes...<\/div><div class=\"clear\"><\/div><div class=\"blog-post_footer\">            <div class=\"read-more-wrap\">\r\n                <a href=\"https:\/\/entetedemo02.fr\/chec\/27es-journees-du-chec\/\" class=\"button-read-more \"><span class=\"button__text\">En savoir plus<\/span>                <\/a>\r\n            <\/div>    <\/div>\r\n    <\/div>\r\n    <\/div>\r\n    <\/div>\r\n    <\/div>    <div class=\"item\">\r\n    <div class=\"blog-post format-standard-image\">\r\n    <div class=\"blog-post_wrapper\"><div class=\"blog-post_media\"><div class=\"blog-post_media_part\"><a href=\"https:\/\/entetedemo02.fr\/chec\/annecy-2022\/\" class=\"media-link image-overlay\"><img decoding=\"async\" src=\"https:\/\/entetedemo02.fr\/chec\/wp-content\/uploads\/2026\/02\/Bienvenue-Histo-Morpho-2022-1170x720.png\" alt=\"Bienvenue-Histo-Morpho-2022\"><\/a><\/div><\/div>    <div class=\"blog-post_content\"><h4 class=\"blog-post_title\"><a href=\"https:\/\/entetedemo02.fr\/chec\/annecy-2022\/\">Annecy 2022<\/a><\/h4><div class=\"blog-post_text\">Cher(e)s ami(e)s et cher(e)s coll\u00e8gues,\nLa perspective de vous retrouver tous, en pr\u00e9sentiel apr\u00e8s deux ann\u00e9es d\u2019abstinence li\u00e9e \u00e0 la crise sanitaire, nous remplit de...<\/div><div class=\"clear\"><\/div><div class=\"blog-post_footer\">            <div class=\"read-more-wrap\">\r\n                <a href=\"https:\/\/entetedemo02.fr\/chec\/annecy-2022\/\" class=\"button-read-more \"><span class=\"button__text\">En savoir plus<\/span>                <\/a>\r\n            <\/div>    <\/div>\r\n    <\/div>\r\n    <\/div>\r\n    <\/div>\r\n    <\/div>    <div class=\"item\">\r\n    <div class=\"blog-post format-standard-image\">\r\n    <div class=\"blog-post_wrapper\"><div class=\"blog-post_media\"><div class=\"blog-post_media_part\"><a href=\"https:\/\/entetedemo02.fr\/chec\/26es-journees-du-chec\/\" class=\"media-link image-overlay\"><img decoding=\"async\" src=\"https:\/\/entetedemo02.fr\/chec\/wp-content\/uploads\/2026\/01\/Affiche-Histo-Morpho-2019-1170x720.webp\" alt=\"Affiche-Histo-Morpho-2019\"><\/a><\/div><\/div>    <div class=\"blog-post_content\"><h4 class=\"blog-post_title\"><a href=\"https:\/\/entetedemo02.fr\/chec\/26es-journees-du-chec\/\">Rennes 2019<\/a><\/h4><div class=\"blog-post_text\">Cher(e)s ami(e)s et cher(e)s coll\u00e8gues,\nC\u2019est un grand honneur pour nous d\u2019organiser et de vous inviter \u00e0 participer au\u00a0101e\u00a0Congr\u00e8s de l\u2019Association des Morphologistes...<\/div><div class=\"clear\"><\/div><div class=\"blog-post_footer\">            <div class=\"read-more-wrap\">\r\n                <a href=\"https:\/\/entetedemo02.fr\/chec\/26es-journees-du-chec\/\" class=\"button-read-more \"><span class=\"button__text\">En savoir plus<\/span>                <\/a>\r\n            <\/div>    <\/div>\r\n    <\/div>\r\n    <\/div>\r\n    <\/div>\r\n    <\/div>    <div class=\"item\">\r\n    <div class=\"blog-post format-standard-image\">\r\n    <div class=\"blog-post_wrapper\"><div class=\"blog-post_media\"><div class=\"blog-post_media_part\"><a href=\"https:\/\/entetedemo02.fr\/chec\/25es-journees-du-chec\/\" class=\"media-link image-overlay\"><img decoding=\"async\" src=\"https:\/\/entetedemo02.fr\/chec\/wp-content\/uploads\/2026\/01\/Affiche_Morpho-Histo-2018-1170x720.png\" alt=\"Affiche_Morpho-Histo-2018\"><\/a><\/div><\/div>    <div class=\"blog-post_content\"><h4 class=\"blog-post_title\"><a href=\"https:\/\/entetedemo02.fr\/chec\/25es-journees-du-chec\/\">Caen 2018<\/a><\/h4><div class=\"blog-post_text\">Cher(e)s ami(e)s et cher(e)s coll\u00e8gues,\nC\u2019est un grand honneur pour nous d\u2019organiser et de vous inviter \u00e0 participer au\u00a0100e\u00a0Congr\u00e8s de l\u2019Association des Morphologistes...<\/div><div class=\"clear\"><\/div><div class=\"blog-post_footer\">            <div class=\"read-more-wrap\">\r\n                <a href=\"https:\/\/entetedemo02.fr\/chec\/25es-journees-du-chec\/\" class=\"button-read-more \"><span class=\"button__text\">En savoir plus<\/span>                <\/a>\r\n            <\/div>    <\/div>\r\n    <\/div>\r\n    <\/div>\r\n    <\/div>\r\n    <\/div><\/div><\/div><\/div>\t\t\t\t<\/div>\n\t\t\t\t<\/div>\n\t\t\t\t\t<\/div>\n\t\t\t\t<\/div>\n\t\t\t\t<\/div>\n\t\t","protected":false},"excerpt":{"rendered":"<p>Les 30es journ\u00e9es du CHEC \u00e0 Brest En savoir plus 27es Journ\u00e9es du CHEC \u00e0 Lille Cher(e)s ami(e)s et cher(e)s coll\u00e8gues,C\u2019est un grand honneur pour nous d\u2019organiser et de vous inviter \u00e0 participer au\u00a0104e\u00a0Congr\u00e8s de l\u2019Association des Morphologistes&#8230; En savoir plus 24es Journ\u00e9es du CHEC \u00e0 Rennes Cher(e)s ami(e)s et cher(e)s coll\u00e8gues,C\u2019est un grand honneur [&hellip;]<\/p>\n","protected":false},"author":1,"featured_media":0,"parent":0,"menu_order":0,"comment_status":"closed","ping_status":"closed","template":"","meta":{"pmpro_default_level":"","footnotes":""},"class_list":["post-4104","page","type-page","status-publish","hentry","pmpro-has-access"],"_links":{"self":[{"href":"https:\/\/entetedemo02.fr\/chec\/wp-json\/wp\/v2\/pages\/4104","targetHints":{"allow":["GET"]}}],"collection":[{"href":"https:\/\/entetedemo02.fr\/chec\/wp-json\/wp\/v2\/pages"}],"about":[{"href":"https:\/\/entetedemo02.fr\/chec\/wp-json\/wp\/v2\/types\/page"}],"author":[{"embeddable":true,"href":"https:\/\/entetedemo02.fr\/chec\/wp-json\/wp\/v2\/users\/1"}],"replies":[{"embeddable":true,"href":"https:\/\/entetedemo02.fr\/chec\/wp-json\/wp\/v2\/comments?post=4104"}],"version-history":[{"count":16,"href":"https:\/\/entetedemo02.fr\/chec\/wp-json\/wp\/v2\/pages\/4104\/revisions"}],"predecessor-version":[{"id":4154,"href":"https:\/\/entetedemo02.fr\/chec\/wp-json\/wp\/v2\/pages\/4104\/revisions\/4154"}],"wp:attachment":[{"href":"https:\/\/entetedemo02.fr\/chec\/wp-json\/wp\/v2\/media?parent=4104"}],"curies":[{"name":"wp","href":"https:\/\/api.w.org\/{rel}","templated":true}]}}

Les journées du CHEC

<div data-elementor-type="wp-page" data-elementor-id="4104" class="elementor elementor-4104">
				<div class="elementor-element elementor-element-dfe5be3 e-flex e-con-boxed e-con e-parent" data-id="dfe5be3" data-element_type="container">
					<div class="e-con-inner">
				<div class="elementor-element elementor-element-a6282a2 elementor-invisible elementor-widget elementor-widget-heading" data-id="a6282a2" data-element_type="widget" data-settings="{&quot;_animation&quot;:&quot;fadeIn&quot;}" data-widget_type="heading.default">
					<h2 class="elementor-heading-title elementor-size-default">Les 30es journées du CHEC à Brest</h2>				</div>
				<div class="elementor-element elementor-element-89402d8 elementor-widget elementor-widget-image" data-id="89402d8" data-element_type="widget" data-widget_type="image.default">
																<a href="https://entetedemo02.fr/chec/30es-journees-du-chec-a-brest/">
							<img loading="lazy" decoding="async" width="1024" height="417" src="https://entetedemo02.fr/chec/wp-content/uploads/2026/01/Affiche_HMA-2026-2-4-1024x417.png" class="attachment-large size-large wp-image-4145" alt="" srcset="https://entetedemo02.fr/chec/wp-content/uploads/2026/01/Affiche_HMA-2026-2-4-1024x417.png 1024w, https://entetedemo02.fr/chec/wp-content/uploads/2026/01/Affiche_HMA-2026-2-4-300x122.png 300w, https://entetedemo02.fr/chec/wp-content/uploads/2026/01/Affiche_HMA-2026-2-4-768x313.png 768w, https://entetedemo02.fr/chec/wp-content/uploads/2026/01/Affiche_HMA-2026-2-4-1536x625.png 1536w, https://entetedemo02.fr/chec/wp-content/uploads/2026/01/Affiche_HMA-2026-2-4-1080x440.png 1080w, https://entetedemo02.fr/chec/wp-content/uploads/2026/01/Affiche_HMA-2026-2-4.png 1638w" sizes="(max-width: 1024px) 100vw, 1024px" />								</a>
															</div>
				<div class="elementor-element elementor-element-cbeb437 aleft elementor-widget elementor-widget-wgl-button" data-id="cbeb437" data-element_type="widget" data-widget_type="wgl-button.default">
				<div class="elementor-widget-container">
					<a class="wgl-button  " href="https://entetedemo02.fr/chec/30es-journees-du-chec-a-brest/" role="button"><div class="button__content"><span class="button__text">En savoir plus</span></div></a>				</div>
				</div>
					</div>
				</div>
		<div class="elementor-element elementor-element-abe8f0d e-flex e-con-boxed e-con e-parent" data-id="abe8f0d" data-element_type="container">
					<div class="e-con-inner">
				<div class="elementor-element elementor-element-a861b8e elementor-widget elementor-widget-wgl-blog" data-id="a861b8e" data-element_type="widget" data-settings="{&quot;blog_columns&quot;:&quot;3&quot;}" data-widget_type="wgl-blog.default">
				<div class="elementor-widget-container">
					<div class="wgl_cpt_section"><div class="blog-posts"><div class="container-grid blog_col-3 grid blog-style-standard">    <div class="item">
    <div class="blog-post format-standard-image">
    <div class="blog-post_wrapper"><div class="blog-post_media"><div class="blog-post_media_part"><a href="https://entetedemo02.fr/chec/nancy-2025/" class="media-link image-overlay"><img decoding="async" src="https://entetedemo02.fr/chec/wp-content/uploads/2026/02/Affiche_Histo-Morpho-2025-1170x720.png" alt="Affiche_Histo-Morpho-2025"></a></div></div>    <div class="blog-post_content"><h4 class="blog-post_title"><a href="https://entetedemo02.fr/chec/nancy-2025/">Nancy 2025</a></h4><div class="blog-post_text">Cher(e)s ami(e)s et cher(e)s collègues,
C’est un grand honneur pour nous d’organiser et de vous inviter à participer au 106e Congrès de l’Association des Morphologistes...</div><div class="clear"></div><div class="blog-post_footer">            <div class="read-more-wrap">
                <a href="https://entetedemo02.fr/chec/nancy-2025/" class="button-read-more "><span class="button__text">En savoir plus</span>                </a>
            </div>    </div>
    </div>
    </div>
    </div>
    </div>    <div class="item">
    <div class="blog-post format-standard-image">
    <div class="blog-post_wrapper"><div class="blog-post_media"><div class="blog-post_media_part"><a href="https://entetedemo02.fr/chec/nice-2024/" class="media-link image-overlay"><img decoding="async" src="https://entetedemo02.fr/chec/wp-content/uploads/2026/02/Affiche_Histo-Morpho-2024-1170x720.webp" alt="Affiche_Histo-Morpho-2024"></a></div></div>    <div class="blog-post_content"><h4 class="blog-post_title"><a href="https://entetedemo02.fr/chec/nice-2024/">Nice 2024</a></h4><div class="blog-post_text">Cher(e)s ami(e)s et cher(e)s collègues,
C’est un grand honneur pour nous d’organiser et de vous inviter à participer au 105e Congrès de l’Association des Morphologistes...</div><div class="clear"></div><div class="blog-post_footer">            <div class="read-more-wrap">
                <a href="https://entetedemo02.fr/chec/nice-2024/" class="button-read-more "><span class="button__text">En savoir plus</span>                </a>
            </div>    </div>
    </div>
    </div>
    </div>
    </div>    <div class="item">
    <div class="blog-post format-standard-image">
    <div class="blog-post_wrapper"><div class="blog-post_media"><div class="blog-post_media_part"><a href="https://entetedemo02.fr/chec/27es-journees-du-chec/" class="media-link image-overlay"><img decoding="async" src="https://entetedemo02.fr/chec/wp-content/uploads/2026/01/Affiche_Histo-Morpho-2023-1170x720.png" alt="Affiche_Histo-Morpho-2023"></a></div></div>    <div class="blog-post_content"><h4 class="blog-post_title"><a href="https://entetedemo02.fr/chec/27es-journees-du-chec/">Lille 2023</a></h4><div class="blog-post_text">Cher(e)s ami(e)s et cher(e)s collègues,
C’est un grand honneur pour nous d’organiser et de vous inviter à participer au 104e Congrès de l’Association des Morphologistes...</div><div class="clear"></div><div class="blog-post_footer">            <div class="read-more-wrap">
                <a href="https://entetedemo02.fr/chec/27es-journees-du-chec/" class="button-read-more "><span class="button__text">En savoir plus</span>                </a>
            </div>    </div>
    </div>
    </div>
    </div>
    </div>    <div class="item">
    <div class="blog-post format-standard-image">
    <div class="blog-post_wrapper"><div class="blog-post_media"><div class="blog-post_media_part"><a href="https://entetedemo02.fr/chec/annecy-2022/" class="media-link image-overlay"><img decoding="async" src="https://entetedemo02.fr/chec/wp-content/uploads/2026/02/Bienvenue-Histo-Morpho-2022-1170x720.png" alt="Bienvenue-Histo-Morpho-2022"></a></div></div>    <div class="blog-post_content"><h4 class="blog-post_title"><a href="https://entetedemo02.fr/chec/annecy-2022/">Annecy 2022</a></h4><div class="blog-post_text">Cher(e)s ami(e)s et cher(e)s collègues,
La perspective de vous retrouver tous, en présentiel après deux années d’abstinence liée à la crise sanitaire, nous remplit de...</div><div class="clear"></div><div class="blog-post_footer">            <div class="read-more-wrap">
                <a href="https://entetedemo02.fr/chec/annecy-2022/" class="button-read-more "><span class="button__text">En savoir plus</span>                </a>
            </div>    </div>
    </div>
    </div>
    </div>
    </div>    <div class="item">
    <div class="blog-post format-standard-image">
    <div class="blog-post_wrapper"><div class="blog-post_media"><div class="blog-post_media_part"><a href="https://entetedemo02.fr/chec/26es-journees-du-chec/" class="media-link image-overlay"><img decoding="async" src="https://entetedemo02.fr/chec/wp-content/uploads/2026/01/Affiche-Histo-Morpho-2019-1170x720.webp" alt="Affiche-Histo-Morpho-2019"></a></div></div>    <div class="blog-post_content"><h4 class="blog-post_title"><a href="https://entetedemo02.fr/chec/26es-journees-du-chec/">Rennes 2019</a></h4><div class="blog-post_text">Cher(e)s ami(e)s et cher(e)s collègues,
C’est un grand honneur pour nous d’organiser et de vous inviter à participer au 101e Congrès de l’Association des Morphologistes...</div><div class="clear"></div><div class="blog-post_footer">            <div class="read-more-wrap">
                <a href="https://entetedemo02.fr/chec/26es-journees-du-chec/" class="button-read-more "><span class="button__text">En savoir plus</span>                </a>
            </div>    </div>
    </div>
    </div>
    </div>
    </div>    <div class="item">
    <div class="blog-post format-standard-image">
    <div class="blog-post_wrapper"><div class="blog-post_media"><div class="blog-post_media_part"><a href="https://entetedemo02.fr/chec/25es-journees-du-chec/" class="media-link image-overlay"><img decoding="async" src="https://entetedemo02.fr/chec/wp-content/uploads/2026/01/Affiche_Morpho-Histo-2018-1170x720.png" alt="Affiche_Morpho-Histo-2018"></a></div></div>    <div class="blog-post_content"><h4 class="blog-post_title"><a href="https://entetedemo02.fr/chec/25es-journees-du-chec/">Caen 2018</a></h4><div class="blog-post_text">Cher(e)s ami(e)s et cher(e)s collègues,
C’est un grand honneur pour nous d’organiser et de vous inviter à participer au 100e Congrès de l’Association des Morphologistes...</div><div class="clear"></div><div class="blog-post_footer">            <div class="read-more-wrap">
                <a href="https://entetedemo02.fr/chec/25es-journees-du-chec/" class="button-read-more "><span class="button__text">En savoir plus</span>                </a>
            </div>    </div>
    </div>
    </div>
    </div>
    </div></div></div></div>				</div>
				</div>
					</div>
				</div>
				</div>

<p>Les 30es journées du CHEC à Brest En savoir plus 27es Journées du CHEC à Lille Cher(e)s ami(e)s et cher(e)s collègues,C’est un grand honneur pour nous d’organiser et de vous inviter à participer au 104e Congrès de l’Association des Morphologistes&#8230; En savoir plus 24es Journées du CHEC à Rennes Cher(e)s ami(e)s et cher(e)s collègues,C’est un grand honneur [&hellip;]</p>
